{"id":825,"date":"2011-09-28T10:33:40","date_gmt":"2011-09-28T08:33:40","guid":{"rendered":"https:\/\/2011.sevilla.wordcamp.org\/?page_id=825"},"modified":"2011-10-06T18:33:20","modified_gmt":"2011-10-06T16:33:20","slug":"horario-2","status":"publish","type":"page","link":"https:\/\/sevilla.wordcamp.org\/2011\/horario-2\/","title":{"rendered":"Horario"},"content":{"rendered":"<p><strong>HORARIO DEFINITIVO<\/strong><\/p>\n<p>P\u00e1rate un momento encima de cada t\u00edtulo para ver el t\u00edtulo completo y el ponente.<\/p>\n<table class=\"sesiones\" cellspacing=\"0\" cellpadding=\"0\">\n<tbody>\n<tr class=\"cabecera1\">\n<td class=\"hora\" style=\"border-right: 1px solid black;\">Hora<\/td>\n<td colspan=\"2\">S\u00e1bado<\/td>\n<td class=\"hora\" style=\"border-left: 2px solid black;\">Hora<\/td>\n<td class=\"width\">Domingo<\/td>\n<\/tr>\n<tr class=\"cabecera2\">\n<td class=\"hora\" style=\"border-right: 1px solid black;\"><\/td>\n<td class=\"width\">Autores<\/td>\n<td class=\"width\">Administradores<\/td>\n<td class=\"hora\" style=\"border-left: 2px solid black;\"><\/td>\n<td class=\"width\">Desarrolladores<\/td>\n<\/tr>\n<tr class=\"interna\">\n<td class=\"hora\" style=\"border-right: 1px solid black;\">9:50<\/td>\n<td class=\"width\" colspan=\"2\">Presentaci\u00f3n<\/td>\n<td class=\"hora\" style=\"background-color: #eee; border-left: 2px solid black;\"><\/td>\n<td class=\"width\" style=\"background-color: #eee;\"><\/td>\n<\/tr>\n<tr class=\"interna\">\n<td class=\"hora\" style=\"border-right: 1px solid black;\">10:05<\/td>\n<td class=\"width\"><a title=\"WordPress y Google Panda | Javier Casares\" href=\"https:\/\/2011.sevilla.wordcamp.org\/session\/wordpress-y-google-panda\/\">WordPress y Google Panda<\/a><\/td>\n<td class=\"width\"><\/td>\n<td class=\"hora\" style=\"background-color: #eee; border-left: 2px solid black;\"><\/td>\n<td class=\"width\" style=\"background-color: #eee;\"><\/td>\n<\/tr>\n<tr class=\"interna\">\n<td class=\"hora\" style=\"border-right: 1px solid black;\">10:40<\/td>\n<td class=\"width\"><\/td>\n<td class=\"width\"><a title=\"Sitios multilenguaje: la asignatura pendiente de WordPress | Rafael Poveda\" href=\"https:\/\/2011.sevilla.wordcamp.org\/session\/sitios-multilenguaje-la-asignatura-pendiente-de-wordpress\/\">Sitios multilenguaje<\/a><\/td>\n<td class=\"hora\" style=\"border-left: 2px solid black;\">11:00<\/td>\n<td class=\"width\"><a title=\"Ejemplo de migraci\u00f3n de WordPress sobre Windows Azure | Mario Cort\u00e9s Flores\" href=\"https:\/\/2011.sevilla.wordcamp.org\/session\/ejemplo-de-migracion-de-wordpress-sobre-windows-azure\/\">Migraci\u00f3n de WP sobre Windows Azure<\/a><\/td>\n<\/tr>\n<tr class=\"interna\">\n<td class=\"hora\" style=\"border-right: 1px solid black;\">11:15<\/td>\n<td class=\"width\"><a title=\"WordPress Mobile | Jorge Bernal\" href=\"https:\/\/2011.sevilla.wordcamp.org\/session\/wordpress-mobile\/\">WordPress Mobile<\/a><\/td>\n<td class=\"width\"><\/td>\n<td class=\"hora\" style=\"border-left: 2px solid black;\">11:35<\/td>\n<td class=\"width\"><a title=\"WordPressFormance Optimization | Javier Casares\" href=\"https:\/\/2011.sevilla.wordcamp.org\/session\/wordpressformance-optimization\/\">WordPressFormance Optimization<\/a><\/td>\n<\/tr>\n<tr class=\"interna\">\n<td class=\"hora\" style=\"border-right: 1px solid black;\">11:45<\/td>\n<td class=\"width\" style=\"background-color: #eee;\" colspan=\"2\">CAF\u00c9<\/td>\n<td class=\"hora\" style=\"border-left: 2px solid black;\">12:10<\/td>\n<td class=\"width\"><a title=\"Elembarazo.net \u2013 Detalles t\u00e9cnicos de un caso de \u00e9xito con Buddypress | Javier Arques Hern\u00e1ndez\" href=\"https:\/\/2011.sevilla.wordcamp.org\/session\/elembarazo-net-detalles-tecnicos-de-un-caso-de-exito-con-buddypress\/\">Elembarazo.net<\/a><\/td>\n<\/tr>\n<tr class=\"interna\">\n<td class=\"hora\" style=\"border-right: 1px solid black;\">12:30<\/td>\n<td class=\"width\"><\/td>\n<td class=\"width\"><a title=\"WP en Canal Sur, bienvenido a la rep\u00fablica independiente de tu Web | Paco Olivares\" href=\"https:\/\/2011.sevilla.wordcamp.org\/session\/wordpress-en-canal-sur-bienvenido\/\">WP en Canal Sur<\/a><\/td>\n<td class=\"hora\" style=\"border-left: 2px solid black;\">12:40<\/td>\n<td class=\"width\" style=\"background-color: #eee;\">REFRIGERIO<\/td>\n<\/tr>\n<tr class=\"interna\">\n<td class=\"hora\" style=\"border-right: 1px solid black;\">13:05<\/td>\n<td class=\"width\"><a title=\"Internacionalizando: c\u00f3mo preparar el c\u00f3digo de tu tema, plugin o parche para su traducci\u00f3n | Z\u00e9 Fontainhas\" href=\"https:\/\/2011.sevilla.wordcamp.org\/session\/internacionalizando-como-preparar-el-codigo-de-tu-tema-plugin-o-parche-para-su-traduccion\/\">Internacionalizando<\/a><\/td>\n<td class=\"width\"><\/td>\n<td class=\"width\" style=\"border-left: 2px solid black;\" colspan=\"2\"><a title=\"C\u00f3mo Genesis Framework puede ayudarte a ser un desarrollador de WordPress mejor | Remkus de Vries\" href=\"https:\/\/2011.sevilla.wordcamp.org\/session\/como-genesis-framework-puede-ayudarte-a-ser-un-desarollador-de-wordpress-mejor\/\">Genesis Framework <strong>[en]<\/strong><\/a><\/td>\n<\/tr>\n<tr class=\"interna\">\n<td class=\"hora\" style=\"border-right: 1px solid black;\">13:40<\/td>\n<td class=\"width\"><\/td>\n<td class=\"width\"><a title=\"C\u00f3mo dise\u00f1ar tu sitio web con WordPress.com | Hugo Baeta\" href=\"https:\/\/2011.sevilla.wordcamp.org\/session\/como-disenar-tu-sitio-web-con-wordpress-com\/\">C\u00f3mo dise\u00f1ar tu sitio web con WordPress.com<\/a><\/td>\n<td class=\"width\" style=\"border-left: 2px solid black;\" colspan=\"2\"><a title=\"Hablando de WordPress como CMS: Desarrollo \u00e1gil de temas y WordPress como Webservice | Alejandro Sevilla\" href=\"https:\/\/2011.sevilla.wordcamp.org\/session\/hablando-de-wordpress-como-cms-desarrollo-agil-de-temas-y-wordpress-como-webservice\/\">WP como CMS: Desarrollo \u00e1gil y WP com Webservice<\/a><\/td>\n<\/tr>\n<tr class=\"interna\">\n<td class=\"hora\" style=\"border-right: 1px solid black;\">14:15<\/td>\n<td class=\"width\"><a title=\"10 cosas que deber\u00edas saber sobre WordPress | Remkus de Vries\" href=\"https:\/\/2011.sevilla.wordcamp.org\/session\/10-cosas-que-deberias-saber-sobre-wordpress\/\">10 cosas que deber\u00edas saber sobre WP <strong>[en]<\/strong><\/a><\/td>\n<td class=\"width\"><\/td>\n<td class=\"width\" style=\"border-left: 2px solid black;\" colspan=\"2\"><a title=\"WordPress en Espa\u00f1ol: la importancia de la participaci\u00f3n de la comunidad en proyectos de c\u00f3digo abierto | Fernando Tellado\" href=\"https:\/\/2011.sevilla.wordcamp.org\/session\/wordpress-en-espanol-la-importancia-de-la-participacion-de-la-comunidad-en-proyectos-de-codigo-abierto\/\">WP en espa\u00f1ol, la importancia de la comunidad<\/a><\/td>\n<\/tr>\n<tr class=\"interna\">\n<td class=\"hora\" style=\"border-right: 1px solid black;\">14:45<\/td>\n<td class=\"width\" style=\"background-color: #eee;\" colspan=\"4\">COMIDA<\/td>\n<\/tr>\n<tr class=\"interna\">\n<td class=\"hora\" style=\"border-right: 1px solid black;\">16:30<\/td>\n<td class=\"width\" colspan=\"2\"><a title=\"Flash Talks | Tu ponencia en 5 minutos\" href=\"https:\/\/2011.sevilla.wordcamp.org\/flash-talks-form\/\">Flash Talks<\/a><\/td>\n<td class=\"width\" style=\"border-left: 2px solid black;\" colspan=\"2\"><a title=\"Flash Talks | Tu ponencia en 5 minutos\" href=\"https:\/\/2011.sevilla.wordcamp.org\/flash-talks-form\/\">Flash Talks<\/a><\/td>\n<\/tr>\n<tr class=\"interna\">\n<td class=\"hora\" style=\"border-right: 1px solid black;\">17:00<\/td>\n<td class=\"width\"><a title=\"WordPress: herramienta b\u00e1sica para fomentar la divulgaci\u00f3n en centros de investigaci\u00f3n | Francisco Javier Carazo Gil\" href=\"https:\/\/2011.sevilla.wordcamp.org\/session\/wordpress-herramienta-basica-fomentar-divulgacion-centros-investigacion\/\">WordPress: herramienta b\u00e1sica de divulgaci\u00f3n<\/a><\/td>\n<td class=\"width\"><\/td>\n<td class=\"width\" style=\"border-left: 2px solid black;\" colspan=\"2\"><a title=\"Convirtiendo de HTML&amp;CSS a WordPress: mejores pr\u00e1cticas | Jaime Creixems\" href=\"https:\/\/2011.sevilla.wordcamp.org\/session\/convirtiendo-de-htmlcss-a-wordpress-mejores-practicas\/\">De HTML&amp;CSS a WordPress<\/a><\/td>\n<\/tr>\n<tr class=\"interna\">\n<td class=\"hora\" style=\"border-right: 1px solid black;\">17:35<\/td>\n<td class=\"width\"><\/td>\n<td class=\"width\"><a title=\"Descubriendo las posibilidades de BuddyPress: tu red social en WordPress | Roc\u00edo Valdivia\" href=\"https:\/\/2011.sevilla.wordcamp.org\/administradores-descubriendo-las-posibilidades-de-buddypress-tu-red-social-en-wordpress\/\">Descubriendo las posibilidades de BuddyPress<\/a><\/td>\n<td class=\"width\" style=\"border-left: 2px solid black;\" colspan=\"2\"><a title=\"WordPress + LESS: allanando el camino del dise\u00f1o | Pedro Carrillo\" href=\"https:\/\/2011.sevilla.wordcamp.org\/session\/wordpress-less-allanando-el-camino-del-diseno\/\">WordPress + LESS<\/a><\/td>\n<\/tr>\n<tr class=\"interna\">\n<td class=\"hora\" style=\"border-right: 1px solid black;\">18:05<\/td>\n<td class=\"width\" style=\"background-color: #eee;\" colspan=\"2\">CAF\u00c9<\/td>\n<td class=\"hora\" style=\"border-left: 2px solid black;\">18:15<\/td>\n<td class=\"width\"><a title=\"WordPress: Una herramienta para gobernarlos a todos | Paco Olivares y Rafael Poveda\" href=\"https:\/\/2011.sevilla.wordcamp.org\/session\/una-herramienta-para-gobernarlos-a-todos\/\">Una herramienta para gobernarlos a todos<\/a><\/td>\n<\/tr>\n<tr class=\"interna\">\n<td class=\"hora\" style=\"border-right: 1px solid black;\">18:35<\/td>\n<td class=\"width\"><a title=\"WordPress como herramienta de libertad | Amit Kvint\" href=\"https:\/\/2011.sevilla.wordcamp.org\/session\/wordpress-como-herramienta-de-libertad\/\">WP como herramienta de libertad<\/a><\/td>\n<td class=\"width\"><\/td>\n<td class=\"hora\" style=\"border-left: 2px solid black;\">18:45<\/td>\n<td class=\"width\">Despedida<\/td>\n<\/tr>\n<tr class=\"interna\">\n<td class=\"hora\" style=\"border-right: 1px solid black;\">19:10<\/td>\n<td class=\"width\"><\/td>\n<td class=\"width\">Luis Rull<\/td>\n<td class=\"width\" style=\"border-left: 2px solid black; background-color: #eee;\" colspan=\"2\"><\/td>\n<\/tr>\n<tr class=\"interna\">\n<td class=\"hora\" style=\"border-right: 1px solid black;\">19:40<\/td>\n<td class=\"width\" colspan=\"2\">Despedida<\/td>\n<td class=\"width\" style=\"border-left: 2px solid black; background-color: #eee;\" colspan=\"2\"><\/td>\n<\/tr>\n<tr class=\"interna\">\n<td class=\"hora\" style=\"border-right: 1px solid black;\">22:30<\/td>\n<td class=\"width\" style=\"background-color: #eee;\" colspan=\"2\">FIESTA<\/td>\n<td class=\"width\" style=\"border-left: 2px solid black; background-color: #eee;\" colspan=\"2\"><\/td>\n<\/tr>\n<\/tbody>\n<\/table>\n","protected":false},"excerpt":{"rendered":"<p>HORARIO DEFINITIVO P\u00e1rate un momento encima de cada t\u00edtulo para ver el t\u00edtulo completo y el ponente. Hora S\u00e1bado Hora Domingo Autores Administradores Desarrolladores 9:50 Presentaci\u00f3n 10:05 WordPress y Google Panda 10:40 Sitios multilenguaje 11:00 Migraci\u00f3n de WP sobre Windows &hellip; <a href=\"https:\/\/sevilla.wordcamp.org\/2011\/horario-2\/\">Continue reading <span class=\"screen-reader-text\">Horario<\/span>  <span class=\"meta-nav\">&rarr;<\/span><\/a><\/p>\n","protected":false},"author":320027,"featured_media":0,"parent":0,"menu_order":0,"comment_status":"open","ping_status":"open","template":"template-full-width.php","meta":{"jetpack_post_was_ever_published":false,"footnotes":""},"class_list":["post-825","page","type-page","status-publish","hentry"],"jetpack_shortlink":"https:\/\/wp.me\/P1Cz9a-dj","jetpack_sharing_enabled":true,"_links":{"self":[{"href":"https:\/\/sevilla.wordcamp.org\/2011\/wp-json\/wp\/v2\/pages\/825","targetHints":{"allow":["GET"]}}],"collection":[{"href":"https:\/\/sevilla.wordcamp.org\/2011\/wp-json\/wp\/v2\/pages"}],"about":[{"href":"https:\/\/sevilla.wordcamp.org\/2011\/wp-json\/wp\/v2\/types\/page"}],"author":[{"embeddable":true,"href":"https:\/\/sevilla.wordcamp.org\/2011\/wp-json\/wp\/v2\/users\/320027"}],"replies":[{"embeddable":true,"href":"https:\/\/sevilla.wordcamp.org\/2011\/wp-json\/wp\/v2\/comments?post=825"}],"version-history":[{"count":7,"href":"https:\/\/sevilla.wordcamp.org\/2011\/wp-json\/wp\/v2\/pages\/825\/revisions"}],"predecessor-version":[{"id":1082,"href":"https:\/\/sevilla.wordcamp.org\/2011\/wp-json\/wp\/v2\/pages\/825\/revisions\/1082"}],"wp:attachment":[{"href":"https:\/\/sevilla.wordcamp.org\/2011\/wp-json\/wp\/v2\/media?parent=825"}],"curies":[{"name":"wp","href":"https:\/\/api.w.org\/{rel}","templated":true}]}}