{"id":53895,"date":"2013-11-07T03:06:30","date_gmt":"2013-11-07T02:06:30","guid":{"rendered":"https:\/\/2013.sevilla.wordcamp.org\/?page_id=53895"},"modified":"2013-12-10T11:27:23","modified_gmt":"2013-12-10T10:27:23","slug":"como-llegar-a-wordcamp-sevilla","status":"publish","type":"page","link":"https:\/\/sevilla.wordcamp.org\/2013\/organiza-tu-viaje\/como-llegar-a-wordcamp-sevilla\/","title":{"rendered":"C\u00f3mo llegar a WordCamp Sevilla"},"content":{"rendered":"<p>La direcci\u00f3n de la <strong>Escuela de Organizaci\u00f3n Industrial de Sevilla<\/strong>, donde se celebrar\u00e1 el evento, es la <strong>calle Leonardo da Vinci 12<\/strong>. Est\u00e1 situada en la Isla de la Cartuja, un lugar en el que predominan edificios de oficinas adem\u00e1s de otras actividades comerciales e industriales.<\/p>\n<p><a href=\"https:\/\/2013.sevilla.wordcamp.org\/files\/2013\/11\/IMG_8470.redimensionado.jpg\"><img loading=\"lazy\" decoding=\"async\" class=\"alignright size-medium wp-image-89971\" alt=\"IMG_8470.redimensionado\" src=\"https:\/\/2013.sevilla.wordcamp.org\/files\/2013\/11\/IMG_8470.redimensionado-300x225.jpg\" width=\"300\" height=\"225\" srcset=\"https:\/\/sevilla.wordcamp.org\/2013\/files\/2013\/11\/IMG_8470.redimensionado-300x225.jpg 300w, https:\/\/sevilla.wordcamp.org\/2013\/files\/2013\/11\/IMG_8470.redimensionado.jpg 1024w\" sizes=\"auto, (max-width: 300px) 100vw, 300px\" \/><\/a>El modo m\u00e1s c\u00f3modo de llegar es a trav\u00e9s de las l\u00edneas de bus urbano C1 o C2, circulan de forma frecuente pasando por Estaci\u00f3n de tren, La Macarena, La Barqueta, <strong>Cartuja<\/strong>, Triana, Los Remedios y Prado-San Bernardo (d\u00f3nde conecta con MetroCentro, Metro, Cercan\u00edas, Renfe media distancia, Interurbanos y Autobuses de media y larga distancia).<\/p>\n<p>Si eres de Andaluc\u00eda ten en cuenta que podr\u00e1s usar la <strong>tarjeta verde de tu consorcio de transportes<\/strong> en el transporte urbano de Sevilla, en Metro y servicios interurbanos.<\/p>\n<p>Tambi\u00e9n puedes llegar andando, a trav\u00e9s de la Cartuja. Aunque durante el fin de semana habr\u00e1 algunas vallas cerradas, y hay que tenerlo en cuenta.<\/p>\n<p><strong>Si llegas al aeropuerto San Pablo de Sevilla tienes dos opciones:<\/strong><\/p>\n<p><strong>A. Autob\u00fas especial del aeropuerto<\/strong><br \/>\n1. Tomar el autob\u00fas especial del aeropuerto.<br \/>\n2. Cruzar la calle.<br \/>\n3. Bajarte en el Prado de San Sebasti\u00e1n.<br \/>\n4. Tomar el <strong>C1<\/strong>.<br \/>\n5. Bajarte en la Cartuja en la <strong>Av. Am\u00e9rico Vespucio<\/strong> cerca de la calle Gregorio Mendel.<br \/>\n<a href=\"\/?attachment_id=55433\">Mapa 1<\/a><\/p>\n<p><strong>B. Taxi<\/strong><br \/>\nSevilla tiene una tarifa \u00fanica de enlace con el aeropuerto que es de 21,89\u20ac si es servicio diurno. El nocturno es de 24,41\u20ac. Esa tarifa incluye el traslado desde el aeropuerto a cualquier lugar del \u00e1rea urbana de Sevilla. Tambi\u00e9n te cobrar\u00e1n un cargo adicional de 0,48\u20ac por cada bulto o conjunto de bultos mayor de 60 cm. El tel\u00e9fono de los taxis de Sevilla es el 954 58 00 00.<\/p>\n<p><strong>Si llegas a la estaci\u00f3n de Santa Justa<\/strong><\/p>\n<p>1. Tomar el <strong>C4<\/strong> (Circular).<br \/>\n2. Bajarte en la primera parada de la <strong>Av. Torneo<\/strong>.<br \/>\n3. Cruzar el <strong>Puente de La Barqueta<\/strong>.<br \/>\n4. Tomar en la rotonda la <strong>calle de la izquierda<\/strong>,Matem\u00e1ticos Rey Pastor y Castro.<br \/>\n5. Cruzar el <strong>puente azul<\/strong> por la acera de la izquierda.<br \/>\n6. Caminar hasta la entrada de las <strong>rejas blancas<\/strong>.<br \/>\n7. Caminar por la calle y a unos metros ver\u00e1s el edificio de la <strong>EOI en el lado izquierdo<\/strong>.<br \/>\n<a href=\"\/?attachment_id=55434\">Mapa 2<\/a><\/p>\n<p><strong>Si llegas a la estaci\u00f3n de San Bernardo<\/strong><\/p>\n<p>1. Tomar el <strong>C1<\/strong> frente a la Estaci\u00f3n, tienes que cruzar la calle.<br \/>\n2. Bajarte en La Cartuja, en la <strong>Av. Am\u00e9rico Vespucio<\/strong> cerca de la calle Gregorio Mendel.<br \/>\n<a href=\"\/?attachment_id=55433\">Mapa 1<\/a><\/p>\n<p><strong>Si llegas a la estaci\u00f3n de Plaza de Armas<\/strong><\/p>\n<p>1. Tomar el <strong>C3<\/strong> (Circular) o el <strong>6<\/strong> frente a la estaci\u00f3n de autobuses en la Av. Torneo.<br \/>\n2. Bajarte en la primera parada de la <strong>Av. Torneo<\/strong>.<br \/>\n3. Cruzar el <strong>Puente de La Barqueta<\/strong>.<br \/>\n4. Tomar en la rotonda la <strong>calle de la izquierda<\/strong>,Matem\u00e1ticos Rey Pastor y Castro.<br \/>\n5. Cruzar el <strong>puente azul<\/strong> por la acera de la izquierda.<br \/>\n6. Caminar hasta la entrada de las <strong>rejas blancas<\/strong>.<br \/>\n7. Caminar por la calle y a unos metros ver\u00e1s el edificio de la <strong>EOI en el lado izquierdo<\/strong>.<br \/>\n<a href=\"\/?attachment_id=55434\">Mapa 2<\/a><\/p>\n<p>(Gracias a @pedrocarrillo por su trabajo en la elaboraci\u00f3n del art\u00edculo)<\/p>\n","protected":false},"excerpt":{"rendered":"<p>La direcci\u00f3n de la Escuela de Organizaci\u00f3n Industrial de Sevilla, donde se celebrar\u00e1 el evento, es la calle Leonardo da Vinci 12. Est\u00e1 situada en la Isla de la Cartuja, un lugar en el que predominan edificios de oficinas adem\u00e1s &hellip; <a href=\"https:\/\/sevilla.wordcamp.org\/2013\/organiza-tu-viaje\/como-llegar-a-wordcamp-sevilla\/\">Sigue leyendo <span class=\"screen-reader-text\">C\u00f3mo llegar a WordCamp Sevilla<\/span>  <span class=\"meta-nav\">&rarr;<\/span><\/a><\/p>\n","protected":false},"author":13286167,"featured_media":0,"parent":85569,"menu_order":0,"comment_status":"closed","ping_status":"open","template":"","meta":{"jetpack_post_was_ever_published":false,"footnotes":""},"class_list":["post-53895","page","type-page","status-publish","hentry"],"jetpack_sharing_enabled":true,"_links":{"self":[{"href":"https:\/\/sevilla.wordcamp.org\/2013\/wp-json\/wp\/v2\/pages\/53895","targetHints":{"allow":["GET"]}}],"collection":[{"href":"https:\/\/sevilla.wordcamp.org\/2013\/wp-json\/wp\/v2\/pages"}],"about":[{"href":"https:\/\/sevilla.wordcamp.org\/2013\/wp-json\/wp\/v2\/types\/page"}],"author":[{"embeddable":true,"href":"https:\/\/sevilla.wordcamp.org\/2013\/wp-json\/wp\/v2\/users\/13286167"}],"replies":[{"embeddable":true,"href":"https:\/\/sevilla.wordcamp.org\/2013\/wp-json\/wp\/v2\/comments?post=53895"}],"version-history":[{"count":46,"href":"https:\/\/sevilla.wordcamp.org\/2013\/wp-json\/wp\/v2\/pages\/53895\/revisions"}],"predecessor-version":[{"id":237674,"href":"https:\/\/sevilla.wordcamp.org\/2013\/wp-json\/wp\/v2\/pages\/53895\/revisions\/237674"}],"up":[{"embeddable":true,"href":"https:\/\/sevilla.wordcamp.org\/2013\/wp-json\/wp\/v2\/pages\/85569"}],"wp:attachment":[{"href":"https:\/\/sevilla.wordcamp.org\/2013\/wp-json\/wp\/v2\/media?parent=53895"}],"curies":[{"name":"wp","href":"https:\/\/api.w.org\/{rel}","templated":true}]}}