{"id":242100,"date":"2013-12-11T10:10:45","date_gmt":"2013-12-11T09:10:45","guid":{"rendered":"https:\/\/2013.sevilla.wordcamp.org\/?post_type=wcb_speaker&#038;p=242100"},"modified":"2013-12-11T10:10:45","modified_gmt":"2013-12-11T09:10:45","slug":"rafael-poveda","status":"publish","type":"wcb_speaker","link":"https:\/\/sevilla.wordcamp.org\/2013\/speaker\/rafael-poveda\/","title":{"rendered":"Rafael Poveda"},"content":{"rendered":"<div id=\"wcorg-speaker-rafael-poveda\">\n<p>Rafael Poveda (<a href=\"http:\/\/twitter.com\/bi0xid\">twitter.com\/bi0xid<\/a>) publica en\u00a0<a href=\"http:\/\/raven.es\/\">raven.es<\/a>, es consultor en nuevas tecnolog\u00edas y asesor de comunicaci\u00f3n de varias empresas del sector tecnol\u00f3gico.<\/p>\n<p>Apasionado de los blogs, ha tenido bit\u00e1coras en LiveJournal, Blogger y WordPress, por lo que ha seguido la evoluci\u00f3n de los distintos sistemas de publicaci\u00f3n y sabe c\u00f3mo sacarles el m\u00e1ximo rendimiento posible. Esa experiencia, unida a su obsesi\u00f3n por la optimizaci\u00f3n y la accesibilidad, la aplica en su trabajo como PHP senior developer en la comunidad de desarrolladores de WordPress, con el fin de mejorar y hacer crecer esta plataforma.<\/p>\n<p>Adem\u00e1s de ser Core Commiter de WordPress y co-autor del libro\u00a0<a href=\"http:\/\/www.planetadelibros.com\/wordpress-para-dummies-libro-65768.html\" target=\"_blank\">\u201cWordPress para Dummies\u201d<\/a>, colabora de manera activa en la comunidad WordPress en espa\u00f1ol siendo administrador de los foros oficiales en espa\u00f1ol, validador de traducciones, y committer de las traducciones en Espa\u00f1ol. \u00a0Su dedicaci\u00f3n fue reconocida en 2010 con el t\u00edtulo virtual de WordPress Evangelist.<\/p>\n<p>En la actualidad coordina el departamento t\u00e9cnico de\u00a0<a href=\"http:\/\/www.mecus.es\/\">Mecus<\/a>, empresa dedicada al desarrollo y comunicaci\u00f3n en WordPress, de la que es socio junto con Luis Rull.<\/p>\n<p>&nbsp;<\/p>\n<\/div>\n<div id=\"wcorg-speaker-luis-rull\"><\/div>\n","protected":false},"excerpt":{"rendered":"<p>Rafael Poveda (twitter.com\/bi0xid) publica en\u00a0raven.es, es consultor en nuevas tecnolog\u00edas y asesor de comunicaci\u00f3n de varias empresas del sector tecnol\u00f3gico. Apasionado de los blogs, ha tenido bit\u00e1coras en LiveJournal, Blogger y WordPress, por lo que ha seguido la evoluci\u00f3n de &hellip; <a href=\"https:\/\/sevilla.wordcamp.org\/2013\/speaker\/rafael-poveda\/\">Sigue leyendo <span class=\"screen-reader-text\">Rafael Poveda<\/span>  <span class=\"meta-nav\">&rarr;<\/span><\/a><\/p>\n","protected":false},"author":320027,"featured_media":0,"comment_status":"closed","ping_status":"closed","template":"","meta":{"_crdt_document":"","jetpack_post_was_ever_published":false,"_wcpt_user_name":"bi0xid","footnotes":""},"speaker_group":[],"class_list":["post-242100","wcb_speaker","type-wcb_speaker","status-publish","hentry"],"jetpack_sharing_enabled":true,"avatar_urls":{"24":"https:\/\/secure.gravatar.com\/avatar\/44579846e75c2816a891c64fce020c424c3de72d9795e7fcdf14f6def331ec29?s=24&d=mm&r=g","48":"https:\/\/secure.gravatar.com\/avatar\/44579846e75c2816a891c64fce020c424c3de72d9795e7fcdf14f6def331ec29?s=48&d=mm&r=g","96":"https:\/\/secure.gravatar.com\/avatar\/44579846e75c2816a891c64fce020c424c3de72d9795e7fcdf14f6def331ec29?s=96&d=mm&r=g","128":"https:\/\/secure.gravatar.com\/avatar\/44579846e75c2816a891c64fce020c424c3de72d9795e7fcdf14f6def331ec29?s=128&d=mm&r=g","256":"https:\/\/secure.gravatar.com\/avatar\/44579846e75c2816a891c64fce020c424c3de72d9795e7fcdf14f6def331ec29?s=256&d=mm&r=g","512":"https:\/\/secure.gravatar.com\/avatar\/44579846e75c2816a891c64fce020c424c3de72d9795e7fcdf14f6def331ec29?s=512&d=mm&r=g"},"_links":{"self":[{"href":"https:\/\/sevilla.wordcamp.org\/2013\/wp-json\/wp\/v2\/speakers\/242100","targetHints":{"allow":["GET"]}}],"collection":[{"href":"https:\/\/sevilla.wordcamp.org\/2013\/wp-json\/wp\/v2\/speakers"}],"about":[{"href":"https:\/\/sevilla.wordcamp.org\/2013\/wp-json\/wp\/v2\/types\/wcb_speaker"}],"author":[{"embeddable":true,"href":"https:\/\/sevilla.wordcamp.org\/2013\/wp-json\/wp\/v2\/users\/320027"}],"replies":[{"embeddable":true,"href":"https:\/\/sevilla.wordcamp.org\/2013\/wp-json\/wp\/v2\/comments?post=242100"}],"version-history":[{"count":1,"href":"https:\/\/sevilla.wordcamp.org\/2013\/wp-json\/wp\/v2\/speakers\/242100\/revisions"}],"predecessor-version":[{"id":242102,"href":"https:\/\/sevilla.wordcamp.org\/2013\/wp-json\/wp\/v2\/speakers\/242100\/revisions\/242102"}],"sessions":[{"embeddable":true,"href":"https:\/\/sevilla.wordcamp.org\/2013\/wp-json\/wp\/v2\/sessions\/242103?_embed=1&context=view"}],"wp:attachment":[{"href":"https:\/\/sevilla.wordcamp.org\/2013\/wp-json\/wp\/v2\/media?parent=242100"}],"wp:term":[{"taxonomy":"wcb_speaker_group","embeddable":true,"href":"https:\/\/sevilla.wordcamp.org\/2013\/wp-json\/wp\/v2\/speaker_group?post=242100"}],"curies":[{"name":"wp","href":"https:\/\/api.w.org\/{rel}","templated":true}]}}

<div id="wcorg-speaker-rafael-poveda">
<p>Rafael Poveda (<a href="http://twitter.com/bi0xid">twitter.com/bi0xid</a>) publica en <a href="http://raven.es/">raven.es</a>, es consultor en nuevas tecnologías y asesor de comunicación de varias empresas del sector tecnológico.</p>
<p>Apasionado de los blogs, ha tenido bitácoras en LiveJournal, Blogger y WordPress, por lo que ha seguido la evolución de los distintos sistemas de publicación y sabe cómo sacarles el máximo rendimiento posible. Esa experiencia, unida a su obsesión por la optimización y la accesibilidad, la aplica en su trabajo como PHP senior developer en la comunidad de desarrolladores de WordPress, con el fin de mejorar y hacer crecer esta plataforma.</p>
<p>Además de ser Core Commiter de WordPress y co-autor del libro <a href="http://www.planetadelibros.com/wordpress-para-dummies-libro-65768.html" target="_blank">“WordPress para Dummies”</a>, colabora de manera activa en la comunidad WordPress en español siendo administrador de los foros oficiales en español, validador de traducciones, y committer de las traducciones en Español.  Su dedicación fue reconocida en 2010 con el título virtual de WordPress Evangelist.</p>
<p>En la actualidad coordina el departamento técnico de <a href="http://www.mecus.es/">Mecus</a>, empresa dedicada al desarrollo y comunicación en WordPress, de la que es socio junto con Luis Rull.</p>
<p>&nbsp;</p>
</div>
<div id="wcorg-speaker-luis-rull"></div>

<p>Rafael Poveda (twitter.com/bi0xid) publica en raven.es, es consultor en nuevas tecnologías y asesor de comunicación de varias empresas del sector tecnológico. Apasionado de los blogs, ha tenido bitácoras en LiveJournal, Blogger y WordPress, por lo que ha seguido la evolución de &hellip; <a href="https://sevilla.wordcamp.org/2013/speaker/rafael-poveda/">Sigue leyendo <span class="screen-reader-text">Rafael Poveda</span>  <span class="meta-nav">&rarr;</span></a></p>
