{"id":2,"date":"2017-10-18T10:03:39","date_gmt":"2017-10-18T10:03:39","guid":{"rendered":"http:\/\/2018.sevilla.wordcamp.org\/?page_id=2"},"modified":"2018-07-07T10:54:23","modified_gmt":"2018-07-07T08:54:23","slug":"comprar-entrada-wordcamp-sevilla","status":"publish","type":"page","link":"https:\/\/sevilla.wordcamp.org\/2018\/comprar-entrada-wordcamp-sevilla\/","title":{"rendered":"\u00a1Compra tu entrada!"},"content":{"rendered":"<h3>\u00a1Ya puedes comprar tu entrada para estar con nosotros en la WordCamp!<\/h3>\n<p>Lo normal es que se agoten, as\u00ed que no te lo pienses mucho.<\/p>\n<p>La entrada incluye:<\/p>\n<ul>\n<li>Acceso a las salas de la WordCamp el s\u00e1bado 07 de julio.<\/li>\n<li>Acceso al d\u00eda de comunidad el domingo d\u00eda 08 de julio.<\/li>\n<li>Bolsa de regalos con camiseta de la WordCamp y\u00a0otros regalos promocionales.<\/li>\n<li>Caf\u00e9 \/ T\u00e9 \/ Agua el s\u00e1bado y el domingo.<\/li>\n<li>Almuerzo del s\u00e1bado.<\/li>\n<li>Y, en general, la posibilidad de participar en un evento inspirador ;-D<\/li>\n<\/ul>\n<p>&nbsp;<br \/>\nSi no puedes venir pero quieres participar en que el evento sea lo mejor posible, puedes hacerlo comprando una entrada de fila 0 que no da derecho a nada m\u00e1s que a dos besos que te daremos cuando te veamos. El evento ser\u00e1 un poquito mejor gracias a ti.<br \/>\n&nbsp;<br \/>\n<a href=\"https:\/\/sevilla.wordcamp.org\/2018\/comprar-entrada-wordcamp-sevilla\/\">Por favor, ve esta p\u00e1gina en un navegador para hacer una compra o gestionar entradas.<\/a><\/p>\n<p><em><strong>AVISO:<\/strong><\/em><em>\u00a0Si eres patrocinador, ponente, voluntario o crees que puedes serlo, no hace falta que compres tu entrada<\/em><em>. Te proporcionaremos un cup\u00f3n para obtenerla. \u00a1P\u00eddenoslo si no te lo hemos hecho llegar!<br \/>\n<\/em><\/p>\n<p><em><strong>AUTORIZACI\u00d3N:<\/strong><\/em><em>\u00a0En bien de la comunidad y con fines de promoci\u00f3n, habr\u00e1 voluntarios y\/o fot\u00f3grafos profesionales en la\u00a0WordCamp.\u00a0<\/em><em>Al asistir al evento, se autoriza la utilizaci\u00f3n de tu imagen si apareces\u00a0en fotos o\u00a0v\u00eddeos\u00a0que se puedan tomar, que pueden mostrar tu participaci\u00f3n en el evento.<\/em><\/p>\n","protected":false},"excerpt":{"rendered":"<p>\u00a1Ya puedes comprar tu entrada para estar con nosotros en la WordCamp! Lo normal es que se agoten, as\u00ed que no te lo pienses mucho. La entrada incluye: Acceso a las salas de la WordCamp el s\u00e1bado 07 de julio. Acceso al d\u00eda de comunidad el domingo d\u00eda 08 de julio. Bolsa de regalos con &hellip; <\/p>\n<p class=\"link-more\"><a href=\"https:\/\/sevilla.wordcamp.org\/2018\/comprar-entrada-wordcamp-sevilla\/\" class=\"more-link\">Continuar leyendo<span class=\"screen-reader-text\"> \u00ab\u00a1Compra tu entrada!\u00bb<\/span><\/a><\/p>\n","protected":false},"author":7425830,"featured_media":0,"parent":0,"menu_order":0,"comment_status":"closed","ping_status":"open","template":"","meta":{"jetpack_post_was_ever_published":false,"footnotes":""},"class_list":["post-2","page","type-page","status-publish","hentry"],"jetpack_sharing_enabled":true,"jetpack_shortlink":"https:\/\/wp.me\/P9igCE-2","_links":{"self":[{"href":"https:\/\/sevilla.wordcamp.org\/2018\/wp-json\/wp\/v2\/pages\/2","targetHints":{"allow":["GET"]}}],"collection":[{"href":"https:\/\/sevilla.wordcamp.org\/2018\/wp-json\/wp\/v2\/pages"}],"about":[{"href":"https:\/\/sevilla.wordcamp.org\/2018\/wp-json\/wp\/v2\/types\/page"}],"author":[{"embeddable":true,"href":"https:\/\/sevilla.wordcamp.org\/2018\/wp-json\/wp\/v2\/users\/7425830"}],"replies":[{"embeddable":true,"href":"https:\/\/sevilla.wordcamp.org\/2018\/wp-json\/wp\/v2\/comments?post=2"}],"version-history":[{"count":8,"href":"https:\/\/sevilla.wordcamp.org\/2018\/wp-json\/wp\/v2\/pages\/2\/revisions"}],"predecessor-version":[{"id":676,"href":"https:\/\/sevilla.wordcamp.org\/2018\/wp-json\/wp\/v2\/pages\/2\/revisions\/676"}],"wp:attachment":[{"href":"https:\/\/sevilla.wordcamp.org\/2018\/wp-json\/wp\/v2\/media?parent=2"}],"curies":[{"name":"wp","href":"https:\/\/api.w.org\/{rel}","templated":true}]}}