{"id":929,"date":"2018-06-24T13:41:57","date_gmt":"2018-06-24T11:41:57","guid":{"rendered":"https:\/\/2018.sevilla.wordcamp.org\/?page_id=929"},"modified":"2018-06-24T13:43:02","modified_gmt":"2018-06-24T11:43:02","slug":"zona-de-encuentro","status":"publish","type":"page","link":"https:\/\/sevilla.wordcamp.org\/2018\/zona-de-encuentro\/","title":{"rendered":"Zona de Encuentro"},"content":{"rendered":"\r\n<p>Este a\u00f1os hemos reemplazado los talleres y el happiness bar por un experimento completamente nuevo.<\/p>\r\n\r\n\r\n\r\n<p>\u00bfQuieres un espacio para dar una master class? \u00bfHas quedado con alguien para que te aclare alguna duda? \u00bfHas encontrado a tu alma gemela para montar una meetup?<\/p>\r\n\r\n\r\n\r\n<p>Nosotros te ponemos el espacio. Cuatro mesas que puedes reservar en bloques de una hora para lo que t\u00fa quieras. Es un espacio abierto, la \u00fanica condici\u00f3n es que tienes que decir antes de qu\u00e9 vas a hablar, y permitir que se te una cualquiera que est\u00e9 interesado.<\/p>\r\n\r\n\r\n\r\n<p>Para reservar una mesa s\u00f3lo tienes que apuntarte <a href=\"https:\/\/docs.google.com\/spreadsheets\/d\/1F97IgJmULT3lHDZtH4823ZJqoOgReRVK6pnNSec1h2g\/edit?usp=sharing\" target=\"_blank\" rel=\"noreferrer noopener\">en este documento<\/a> o en la versi\u00f3n impresa que habr\u00e1 en cada mesa durante la WordCamp.<\/p>\r\n\r\n\r\n\r\n<figure class=\"wp-block-image\"><img loading=\"lazy\" decoding=\"async\" width=\"740\" height=\"416\" src=\"https:\/\/2018.sevilla.wordcamp.org\/files\/2018\/06\/zona-encuentro.jpg\" alt=\"\" class=\"wp-image-936\" srcset=\"https:\/\/sevilla.wordcamp.org\/2018\/files\/2018\/06\/zona-encuentro.jpg 740w, https:\/\/sevilla.wordcamp.org\/2018\/files\/2018\/06\/zona-encuentro-300x169.jpg 300w, https:\/\/sevilla.wordcamp.org\/2018\/files\/2018\/06\/zona-encuentro-500x281.jpg 500w\" sizes=\"auto, (max-width: 706px) 89vw, (max-width: 767px) 82vw, 740px\" \/><\/figure>\r\n\r\n\r\n\r\n<p><a href=\"https:\/\/docs.google.com\/spreadsheets\/d\/1F97IgJmULT3lHDZtH4823ZJqoOgReRVK6pnNSec1h2g\/edit?usp=sharing\" target=\"_blank\" rel=\"noreferrer noopener\" class=\"boton\">RESERVAR UNA MESA<\/a><\/p>\r\n","protected":false},"excerpt":{"rendered":"<p>Este a\u00f1os hemos reemplazado los talleres y el happiness bar por un experimento completamente nuevo. \u00bfQuieres un espacio para dar una master class? \u00bfHas quedado con alguien para que te aclare alguna duda? \u00bfHas encontrado a tu alma gemela para montar una meetup? Nosotros te ponemos el espacio. Cuatro mesas que puedes reservar en bloques &hellip; <\/p>\n<p class=\"link-more\"><a href=\"https:\/\/sevilla.wordcamp.org\/2018\/zona-de-encuentro\/\" class=\"more-link\">Continuar leyendo<span class=\"screen-reader-text\"> \u00abZona de Encuentro\u00bb<\/span><\/a><\/p>\n","protected":false},"author":13994457,"featured_media":0,"parent":0,"menu_order":0,"comment_status":"closed","ping_status":"closed","template":"","meta":{"jetpack_post_was_ever_published":false,"footnotes":""},"class_list":["post-929","page","type-page","status-publish","hentry"],"jetpack_sharing_enabled":true,"jetpack_shortlink":"https:\/\/wp.me\/P9igCE-eZ","_links":{"self":[{"href":"https:\/\/sevilla.wordcamp.org\/2018\/wp-json\/wp\/v2\/pages\/929","targetHints":{"allow":["GET"]}}],"collection":[{"href":"https:\/\/sevilla.wordcamp.org\/2018\/wp-json\/wp\/v2\/pages"}],"about":[{"href":"https:\/\/sevilla.wordcamp.org\/2018\/wp-json\/wp\/v2\/types\/page"}],"author":[{"embeddable":true,"href":"https:\/\/sevilla.wordcamp.org\/2018\/wp-json\/wp\/v2\/users\/13994457"}],"replies":[{"embeddable":true,"href":"https:\/\/sevilla.wordcamp.org\/2018\/wp-json\/wp\/v2\/comments?post=929"}],"version-history":[{"count":12,"href":"https:\/\/sevilla.wordcamp.org\/2018\/wp-json\/wp\/v2\/pages\/929\/revisions"}],"predecessor-version":[{"id":942,"href":"https:\/\/sevilla.wordcamp.org\/2018\/wp-json\/wp\/v2\/pages\/929\/revisions\/942"}],"wp:attachment":[{"href":"https:\/\/sevilla.wordcamp.org\/2018\/wp-json\/wp\/v2\/media?parent=929"}],"curies":[{"name":"wp","href":"https:\/\/api.w.org\/{rel}","templated":true}]}}