{"id":1437,"date":"2019-01-30T20:57:31","date_gmt":"2019-01-30T19:57:31","guid":{"rendered":"https:\/\/2019.sevilla.wordcamp.org\/?page_id=1437"},"modified":"2019-10-31T14:59:12","modified_gmt":"2019-10-31T13:59:12","slug":"portada-2019","status":"publish","type":"page","link":"https:\/\/sevilla.wordcamp.org\/2019-developers\/","title":{"rendered":"Inicio <em>Home<\/em>"},"content":{"rendered":"\n<h1 class=\"wp-block-heading\" style=\"text-align:center\">\u00a1D\u00edas <strong>4, 5 y 6 de octubre<\/strong>!<br><em>October <strong>4th, 5th and 6th<\/strong>! <\/em><\/h1>\n\n\n\n<hr class=\"wp-block-separator\" \/>\n\n\n\n<div style=\"height:50px\" aria-hidden=\"true\" class=\"wp-block-spacer\"><\/div>\n\n\n\n<div class=\"wp-block-columns has-2-columns is-layout-flex wp-container-core-columns-is-layout-9d6595d7 wp-block-columns-is-layout-flex\">\n<div class=\"wp-block-column is-layout-flow wp-block-column-is-layout-flow\">\n<h2 class=\"wp-block-heading\" style=\"text-align:center\"> Bienvenidos a la WordCamp Sevilla 2019  <\/h2>\n\n\n\n<p>Una WordCamp es un evento sin \u00e1nimo de lucro organizado por voluntarios de la comunidad WordPress con charlas, talleres, caf\u00e9s, comida, fiesta&#8230; pero sobre todo,  una excusa para reunirnos como comunidad WordPress.  <\/p>\n\n\n\n<p>En esta edici\u00f3n queremos darle un car\u00e1cter m\u00e1s espec\u00edfico, y por ello estamos orgullosos de presentar la<strong> <\/strong>primera <strong>WordCamp para desarrolladores y desarrolladoras <\/strong>de Espa\u00f1a. El \u00fanico requisito para poder disfrutar de esta WordCamp es, por tanto, que tengas inter\u00e9s en la  programaci\u00f3n web.<\/p>\n\n\n\n<p>A\u00fan estamos planificando horarios, preparando los contenidos y barriendo un poco la casa, pero ya puedes postularte como patrocinador de esta <strong>WordCamp para desarrolladores<\/strong>:<\/p>\n<\/div>\n\n\n\n<div class=\"wp-block-column is-layout-flow wp-block-column-is-layout-flow\">\n<h2 style=\"text-align:center\" class=\"english wp-block-heading\">Welcome to WordCamp Sevilla 2019<\/h2>\n\n\n\n<p><em>A WordCamp is a non-profit event organised by WordPress community volunteers that includes conferences, workshops, coffee-breaks, food, party\u2026 but mainly, it&#8217;s an excuse to come together as a community.<\/em><\/p>\n\n\n\n<p><em>This year we want to set a more specific target and that\u2019s why we are proud to present the first <strong>WordCamp for developers<\/strong> celebrated in Spain. The only requirement you need to enjoy this WordCamp is to be interested in web development<\/em>.<\/p>\n\n\n\n<p><em>We are still planning schedules, setting up the contents and tidying up our house, but you can already sign up as sponsor of this <strong>WordCamp for developers<\/strong>:<\/em><\/p>\n<\/div>\n<\/div>\n\n\n\n<div style=\"height:40px\" aria-hidden=\"true\" class=\"wp-block-spacer\"><\/div>\n\n\n\n<div class=\"wp-block-columns has-2-columns fondo-completo fondo-azul fila-ubicacion is-layout-flex wp-container-core-columns-is-layout-9d6595d7 wp-block-columns-is-layout-flex\">\n<div class=\"wp-block-column is-layout-flow wp-block-column-is-layout-flow\">\n<h2 class=\"wp-block-heading\"> \u00bfWordCamp para desarrolladores?<\/h2>\n\n\n\n<p>As\u00ed es. Desde la comunidad de WordPress Sevilla hemos decidido dar un paso adelante y seguir la senda marcada por otras comunidades como <a href=\"https:\/\/2017-denver.journalist.wordcamp.org\/\">Denver<\/a>, <a href=\"https:\/\/2018-chicago.publishers.wordcamp.org\/\">Chicago<\/a> o, m\u00e1s recientemente, <a href=\"https:\/\/2018.bologna.wordcamp.org\/\">Bolonia<\/a>, donde se hizo la primera <strong>WordCamp para desarrolladores<\/strong>. \u00bfQuieres saber m\u00e1s?<\/p>\n\n\n\n<div class=\"wp-block-button is-style-default fill\"><a class=\"wp-block-button__link\" href=\"\/wordcamp-para-desarrolladores-sevilla-2019\/\">SIGUE LEYENDO <br><em>Continue reading<\/em><\/a><\/div>\n<\/div>\n\n\n\n<div class=\"wp-block-column is-layout-flow wp-block-column-is-layout-flow\">\n<h2 class=\"wp-block-heading\"><em>WordCamp for developers?<\/em><\/h2>\n\n\n\n<p><em>That&#8217;s right. We the WordPress Sevilla community have decide to take a step forward and to follow the path opened by other communities like <\/em><a href=\"https:\/\/2017-denver.journalist.wordcamp.org\/\"><em>Denver<\/em><\/a><em>, <\/em><a href=\"https:\/\/2018-chicago.publishers.wordcamp.org\/\"><em>Chicago<\/em><\/a><em> or <\/em><a href=\"https:\/\/2018.bologna.wordcamp.org\/\"><em>Bolonia<\/em><\/a><em>, where took place the first <strong>WordCamp for developers<\/strong>. Do you want to know more about it?<\/em><\/p>\n<\/div>\n<\/div>\n\n\n\n<div style=\"height:40px\" aria-hidden=\"true\" class=\"wp-block-spacer\"><\/div>\n\n\n\n<h2 class=\"wp-block-heading\" style=\"text-align:center\">\u00bfQu\u00e9 vamos a hacer?<br><em>What will we do?<\/em><\/h2>\n\n\n\n<div class=\"wp-block-columns has-2-columns is-layout-flex wp-container-core-columns-is-layout-9d6595d7 wp-block-columns-is-layout-flex\">\n<div class=\"wp-block-column is-layout-flow wp-block-column-is-layout-flow\">\n<figure class=\"wp-block-image no-mobile\"><img loading=\"lazy\" decoding=\"async\" width=\"640\" height=\"360\" src=\"https:\/\/2019-developers.sevilla.wordcamp.org\/files\/2019\/05\/etsii.jpg\" alt=\"ETSII Sevilla\" class=\"wp-image-1885\" srcset=\"https:\/\/sevilla.wordcamp.org\/2019-developers\/files\/2019\/05\/etsii.jpg 640w, https:\/\/sevilla.wordcamp.org\/2019-developers\/files\/2019\/05\/etsii-300x169.jpg 300w, https:\/\/sevilla.wordcamp.org\/2019-developers\/files\/2019\/05\/etsii-500x281.jpg 500w\" sizes=\"auto, (max-width: 640px) 100vw, 640px\" \/><\/figure>\n<\/div>\n\n\n\n<div class=\"wp-block-column is-layout-flow wp-block-column-is-layout-flow\">\n<h3 class=\"wp-block-heading\" style=\"text-align:left\">Viernes 4: Talleres <br><em>Friday the 4th: Workshops<\/em><\/h3>\n\n\n\n<p>El viernes 4 de octubre estaremos en la Escuela T\u00e9cnica Superior de Ingenier\u00eda Inform\u00e1tica, donde impartiremos varios talleres divididos en tres niveles de dificultad (principiante, intermedio y avanzado), para que cada asistente pueda sentirse c\u00f3modo y aprovechar sus conocimientos previos.<\/p>\n\n\n\n<p class=\"english\"><em>On Friday we will be giving several workshops tiered by difficulty (begginer, intermediate and advanced) at the ETSII, so every attendant can feel comfortable and exploit his\/her previous knowlegde.<\/em><\/p>\n<\/div>\n<\/div>\n\n\n\n<div class=\"wp-block-columns has-2-columns is-layout-flex wp-container-core-columns-is-layout-9d6595d7 wp-block-columns-is-layout-flex\">\n<div class=\"wp-block-column is-layout-flow wp-block-column-is-layout-flow\">\n<figure class=\"wp-block-image no-mobile\"><img loading=\"lazy\" decoding=\"async\" width=\"640\" height=\"360\" src=\"https:\/\/2019-developers.sevilla.wordcamp.org\/files\/2019\/05\/auditorio.jpg\" alt=\"Global Omniun Auditorio\" class=\"wp-image-1878\" srcset=\"https:\/\/sevilla.wordcamp.org\/2019-developers\/files\/2019\/05\/auditorio.jpg 640w, https:\/\/sevilla.wordcamp.org\/2019-developers\/files\/2019\/05\/auditorio-300x169.jpg 300w, https:\/\/sevilla.wordcamp.org\/2019-developers\/files\/2019\/05\/auditorio-500x281.jpg 500w\" sizes=\"auto, (max-width: 640px) 100vw, 640px\" \/><\/figure>\n\n\n\n<p><\/p>\n<\/div>\n\n\n\n<div class=\"wp-block-column is-layout-flow wp-block-column-is-layout-flow\">\n<h3 class=\"wp-block-heading\" style=\"text-align:left\">S\u00e1bado 5: Ponencias<br><em>Saturday the 5th: Talks<\/em><\/h3>\n\n\n\n<p>Para el d\u00eda de ponencias no podr\u00edamos haber elegido mejor ubicaci\u00f3n: El  Global Omnium Auditorio, un espacio equipado con tecnolog\u00edas de vanguardia para disfrutar como nunca de un d\u00eda de WordPress.<\/p>\n\n\n\n<p class=\"english\"><em>We&#8217;ve chosen the best location for a day of talks: The Global Omnium Auditorio,  an space equipped with cutting-edge technologies to enjoy a WordPress day like never before. <\/em><\/p>\n<\/div>\n<\/div>\n\n\n\n<div class=\"wp-block-columns has-2-columns is-layout-flex wp-container-core-columns-is-layout-9d6595d7 wp-block-columns-is-layout-flex\">\n<div class=\"wp-block-column is-layout-flow wp-block-column-is-layout-flow\">\n<figure class=\"wp-block-image no-mobile\"><img loading=\"lazy\" decoding=\"async\" width=\"640\" height=\"427\" src=\"https:\/\/2019-developers.sevilla.wordcamp.org\/files\/2019\/06\/espacioMagma.jpg\" alt=\"\" class=\"wp-image-3039\" srcset=\"https:\/\/sevilla.wordcamp.org\/2019-developers\/files\/2019\/06\/espacioMagma.jpg 640w, https:\/\/sevilla.wordcamp.org\/2019-developers\/files\/2019\/06\/espacioMagma-300x200.jpg 300w, https:\/\/sevilla.wordcamp.org\/2019-developers\/files\/2019\/06\/espacioMagma-450x300.jpg 450w\" sizes=\"auto, (max-width: 640px) 100vw, 640px\" \/><\/figure>\n<\/div>\n\n\n\n<div class=\"wp-block-column is-layout-flow wp-block-column-is-layout-flow\">\n<h3 class=\"wp-block-heading\" style=\"text-align:left\">Domingo 6: D\u00eda de la comunidad <br><em>Sunday the 6th: Contributor day<\/em><\/h3>\n\n\n\n<p>Como colof\u00f3n, el domingo nos volveremos a reunir en Espacio Magma, sede del estudio de creaci\u00f3n de productos digitales Z1, con el objetivo de aprender qu\u00e9 es la Comunidad WordPress y c\u00f3mo podemos colaborar con ella desde el punto de vista del desarrollo web.<\/p>\n\n\n\n<p class=\"english\"><em>On sunday we will meet again at Espacio Magma, <\/em>headquarters of the Z1 digital product creation studio,<em> with the aim of learning what is the WordPress Community and how can we contribute to it from the perspective of the web development.<\/em><\/p>\n<\/div>\n<\/div>\n\n\n\n<div style=\"height:30px\" aria-hidden=\"true\" class=\"wp-block-spacer\"><\/div>\n\n\n\n<div class=\"wp-block-columns has-2-columns is-layout-flex wp-container-core-columns-is-layout-9d6595d7 wp-block-columns-is-layout-flex\">\n<div class=\"wp-block-column is-layout-flow wp-block-column-is-layout-flow\"><\/div>\n\n\n\n<div class=\"wp-block-column is-layout-flow wp-block-column-is-layout-flow\"><\/div>\n<\/div>\n","protected":false},"excerpt":{"rendered":"<p>\u00a1D\u00edas 4, 5 y 6 de octubre!October 4th, 5th and 6th! Bienvenidos a la WordCamp Sevilla 2019 Una WordCamp es un evento sin \u00e1nimo de lucro organizado por voluntarios de la comunidad WordPress con charlas, talleres, caf\u00e9s, comida, fiesta&#8230; pero sobre todo, una excusa para reunirnos como comunidad WordPress. En esta edici\u00f3n queremos darle un &hellip; <\/p>\n<p class=\"link-more\"><a href=\"https:\/\/sevilla.wordcamp.org\/2019-developers\/\" class=\"more-link\">Continuar leyendo<span class=\"screen-reader-text\"> \u00abInicio <em>Home<\/em>\u00ab<\/span><\/a><\/p>\n","protected":false},"author":13994457,"featured_media":2473,"parent":0,"menu_order":0,"comment_status":"closed","ping_status":"closed","template":"","meta":{"jetpack_post_was_ever_published":false,"footnotes":""},"class_list":["post-1437","page","type-page","status-publish","has-post-thumbnail","hentry"],"jetpack_sharing_enabled":true,"jetpack_shortlink":"https:\/\/wp.me\/PapmcC-nb","_links":{"self":[{"href":"https:\/\/sevilla.wordcamp.org\/2019-developers\/wp-json\/wp\/v2\/pages\/1437","targetHints":{"allow":["GET"]}}],"collection":[{"href":"https:\/\/sevilla.wordcamp.org\/2019-developers\/wp-json\/wp\/v2\/pages"}],"about":[{"href":"https:\/\/sevilla.wordcamp.org\/2019-developers\/wp-json\/wp\/v2\/types\/page"}],"author":[{"embeddable":true,"href":"https:\/\/sevilla.wordcamp.org\/2019-developers\/wp-json\/wp\/v2\/users\/13994457"}],"replies":[{"embeddable":true,"href":"https:\/\/sevilla.wordcamp.org\/2019-developers\/wp-json\/wp\/v2\/comments?post=1437"}],"version-history":[{"count":134,"href":"https:\/\/sevilla.wordcamp.org\/2019-developers\/wp-json\/wp\/v2\/pages\/1437\/revisions"}],"predecessor-version":[{"id":5748,"href":"https:\/\/sevilla.wordcamp.org\/2019-developers\/wp-json\/wp\/v2\/pages\/1437\/revisions\/5748"}],"wp:featuredmedia":[{"embeddable":true,"href":"https:\/\/sevilla.wordcamp.org\/2019-developers\/wp-json\/wp\/v2\/media\/2473"}],"wp:attachment":[{"href":"https:\/\/sevilla.wordcamp.org\/2019-developers\/wp-json\/wp\/v2\/media?parent=1437"}],"curies":[{"name":"wp","href":"https:\/\/api.w.org\/{rel}","templated":true}]}}