{"id":19,"date":"2018-10-26T10:17:33","date_gmt":"2018-10-26T08:17:33","guid":{"rendered":"https:\/\/2019.sevilla.wordcamp.org\/code-of-conduct\/"},"modified":"2019-05-13T22:29:15","modified_gmt":"2019-05-13T20:29:15","slug":"codigo-de-conducta","status":"publish","type":"page","link":"https:\/\/sevilla.wordcamp.org\/2019-developers\/informacion\/codigo-de-conducta\/","title":{"rendered":"C\u00f3digo de conducta"},"content":{"rendered":"\n<p>(English below)<\/p>\n\n\n\n<p><strong>1. Prop\u00f3sito<\/strong><\/p>\n\n\n\n<p>WordCamp Sevilla cree en una comunidad abierta a todo el mundo. Como tal, estamos comprometidos a proporcionar un ambiente amigable, seguro y acogedor para todos independientemente de su sexo, orientaci\u00f3n sexual, discapacidad, etnia, religi\u00f3n, sistema operativo preferido, lenguaje de programaci\u00f3n o editor de texto.<\/p>\n\n\n\n<p>Este c\u00f3digo de conducta resume nuestras expectativas para el comportamiento de los participantes, as\u00ed como las consecuencias para el comportamiento inaceptable.<\/p>\n\n\n\n<p>Instamos a todos los patrocinadores, voluntarios, conferenciantes, asistentes y otros participantes para ayudar a tener una experiencia de evento segura y agradable para todos.<\/p>\n\n\n\n<p><strong>2. Open Source Citizenship<\/strong><\/p>\n\n\n\n<p>Un objetivo adicional de este c\u00f3digo de conducta es incrementar la ciudadan\u00eda de c\u00f3digo abierto alentando a los participantes a reconocer y fortalecer las relaciones entre lo que hacemos y la comunidad en general.<\/p>\n\n\n\n<p>En el servicio de este objetivo, los organizadores de WordCamp Sevilla recoger\u00e1n candidaturas de ciudadanos ejemplares a lo largo de todo el evento y reconocer\u00e1n selectos participantes despu\u00e9s de la conferencia en el sitio web.<\/p>\n\n\n\n<p>Si ves a alguien que est\u00e1 haciendo un esfuerzo extra para asegurar que nuestra comunidad resulte acogedora, amable, y que anima a todos los participantes a contribuir en la mayor medida posible, lo queremos saber.<\/p>\n\n\n\n<p>Puedes nominar a alguien en la mesa de registro o dici\u00e9ndolo a alg\u00fan miembro de la organizaci\u00f3n.<\/p>\n\n\n\n<p><strong>3. Comportamiento esperado<\/strong><\/p>\n\n\n\n<p>Ser considerado, respetuoso y colaborativo.<\/p>\n\n\n\n<p>Abstenerse de comportamientos y discursos degradantes, discriminatorios o de acoso.<\/p>\n\n\n\n<p>Ser consciente del entorno y de tus compa\u00f1eros participantes. Alerta a los organizadores si observas una situaci\u00f3n peligrosa o alguien en apuros.<\/p>\n\n\n\n<p>Participa de una manera aut\u00e9ntica y activa. Al hacerlo, est\u00e1s ayudando a que WordCamp Sevilla sea una realidad. <\/p>\n\n\n\n<p><strong> 4. Comportamiento inaceptable<\/strong><\/p>\n\n\n\n<p>Como comportamientos inaceptables se incluyen: intimidatorio, acosador, abusivo, conducta discriminatoria, despectiva o degradante por cualquier asistente de WordCamp Sevilla y eventos relacionados. El lugar donde se realiza WordCamp Sevilla es un lugar emblem\u00e1tico y puede ser compartido con otros visitantes; por favor, s\u00e9 respetuoso con todos los visitantes de este lugar y con el propio entorno.<\/p>\n\n\n\n<p>El acoso incluye: comentarios verbales ofensivos relacionados con el g\u00e9nero, la orientaci\u00f3n sexual, la raza, la religi\u00f3n, la discapacidad; uso inadecuado de desnudez y\/o im\u00e1genes sexuales en espacios p\u00fablicos (incluyendo diapositivas de la presentaci\u00f3n); intimidaci\u00f3n deliberada, acecho o acosar con fotograf\u00eda o grabaci\u00f3n; interrupci\u00f3n sostenida de charlas y otros eventos; contacto f\u00edsico inapropiado y atenci\u00f3n sexual no deseada.<\/p>\n\n\n\n<p><strong>5. Consecuencias de un comportamiento inaceptable<\/strong><\/p>\n\n\n\n<p>El comportamiento inaceptable no ser\u00e1 tolerado sea por los asistentes, organizadores, personal local, patrocinadores u otros patronos de lugares WordCamp Sevilla.<\/p>\n\n\n\n<p>Se espera que cualquiera cumpla inmediatamente en caso de que se le llame a la atenci\u00f3n por un comportamiento inaceptable.<\/p>\n\n\n\n<p>Si un participante se involucra en una conducta inaceptable, los organizadores de la conferencia pueden tomar cualquier acci\u00f3n que consideren apropiada, inclusive la expulsi\u00f3n de la conferencia sin previo aviso o reembolso.<\/p>\n\n\n\n<p><strong>6. \u00bfQu\u00e9 hacer si eres testigo u objeto de un comportamiento inaceptable?<\/strong><\/p>\n\n\n\n<p>Si est\u00e1s involucrado en un comportamiento inaceptable, eres testigo de otra persona con dicho comportamiento o tienes otras preocupaciones, por favor notif\u00edcalo a un organizador de la conferencia tan pronto como sea posible.<\/p>\n\n\n\n<p>El equipo de WordCamp Sevilla estar\u00e1 disponible para ayudar a los participantes de contactos de seguridad local o para ofrecer cualquier tipo de ayuda a aquellos que experimentan un comportamiento inaceptable.<\/p>\n\n\n\n<p>Durante el evento, los voluntarios vestir\u00e1n diferente al resto de asistentes. Cualquier voluntario puede ponerte en contacto con un organizador de la conferencia. Tambi\u00e9n puedes venir a la mesa de inscripci\u00f3n en el vest\u00edbulo y preguntar por los organizadores.<\/p>\n\n\n\n<p><strong> 7. \u00c1mbito de aplicaci\u00f3n<\/strong><\/p>\n\n\n\n<p>Esperamos que todos los participantes de la conferencia (patrocinadores, voluntarios, conferenciantes, asistentes y otros invitados) cumplan con el c\u00f3digo de conducta en todas las salas de conferencias y eventos relacionados con la conferencia.<\/p>\n\n\n\n<p><strong> 8. Informaci\u00f3n de Contacto<\/strong><\/p>\n\n\n\n<p>Si te ves en la necesidad de contactar con nosotros, <a href=\"\/contacto\/\">esta p\u00e1gina<\/a> tiene toda la informaci\u00f3n necesaria.<\/p>\n\n\n\n<p><strong>9. Licencia y atribuci\u00f3n<\/strong><\/p>\n\n\n\n<p>Este C\u00f3digo de Conducta es una copia directa del impresionante trabajo del Open Source Bridge, pero sustituido con nuestra informaci\u00f3n del evento. El original est\u00e1 disponible en <a href=\"http:\/\/opensourcebridge.org\/about\/code-of-conduct\/\">http:\/\/opensourcebridge.org\/about\/code-of-conduct\/<\/a> y est\u00e1 liberado bajo una <a href=\"http:\/\/creativecommons.org\/licenses\/by-sa\/3.0\/\">Licencia de Creative Commons Attribution-ShareAlike.<\/a><\/p>\n\n\n\n<p><\/p>\n\n\n\n<h2 class=\"wp-block-heading\">Code of conduct<\/h2>\n\n\n\n<p><strong>1. Purpose<\/strong><\/p>\n\n\n\n<p>WordCamp CITYNAMEHERE believes our community should be truly open for\n everyone. As such, we are committed to providing a friendly, safe and \nwelcoming environment for all, regardless of gender, sexual orientation,\n disability, ethnicity, religion, preferred operating system, \nprogramming language, or text editor.<\/p>\n\n\n\n<p>This code of conduct outlines our expectations for participant behavior as well as the consequences for unacceptable behavior.<\/p>\n\n\n\n<p>We invite all sponsors, volunteers, speakers, attendees, and other \nparticipants to help us realize a safe and positive conference \nexperience for everyone.<\/p>\n\n\n\n<p><strong>2. Open Source Citizenship<\/strong><\/p>\n\n\n\n<p>A supplemental goal of this code of conduct is to increase open \nsource citizenship by encouraging participants to recognize and \nstrengthen the relationships between what we do and the community at \nlarge.<\/p>\n\n\n\n<p>In service of this goal, WordCamp&nbsp;CITYNAMEHERE organizers will be \ntaking nominations for exemplary citizens throughout the event and will \nrecognize select participants after the conference on the website.<\/p>\n\n\n\n<p>If you see someone who is making an extra effort to ensure our \ncommunity is welcoming, friendly, and encourages all participants to \ncontribute to the fullest extent, we want to know. You can nominate \nsomeone at the Registration table or online at URL HERE.<\/p>\n\n\n\n<p><strong>3. Expected Behavior<\/strong><\/p>\n\n\n\n<ul class=\"wp-block-list\"><li>Be considerate, respectful, and collaborative.<\/li><li>Refrain from demeaning, discriminatory or harassing behavior and speech.<\/li><li>Be mindful of your surroundings and of your fellow participants. \nAlert conference organizers if you notice a dangerous situation or \nsomeone in distress.<\/li><li>Participate in an authentic and active way. In doing so, you help to create WordCamp&nbsp;CITYNAMEHERE and make it your own.<\/li><\/ul>\n\n\n\n<p><strong>4. Unacceptable Behavior<\/strong><\/p>\n\n\n\n<p>Unacceptable behaviors include: intimidating, harassing, abusive, \ndiscriminatory, derogatory or demeaning conduct by any attendees of \nWordCamp&nbsp;CITYNAMEHERE and related events. All WordCamp&nbsp;CITYNAMEHERE \nvenues may be shared with members of the public; please be respectful to\n all patrons of these locations.<\/p>\n\n\n\n<p>Harassment includes: offensive verbal comments related to gender, \nsexual orientation, race, religion, disability; inappropriate use of \nnudity and\/or sexual images in public spaces (including presentation \nslides); deliberate intimidation, stalking or following; harassing \nphotography or recording; sustained disruption of talks or other events;\n inappropriate physical contact, and unwelcome sexual attention.<\/p>\n\n\n\n<p><strong>5. Consequences Of Unacceptable Behavior<\/strong><\/p>\n\n\n\n<p>Unacceptable behavior will not be tolerated whether by other \nattendees, organizers, venue staff, sponsors, or other patrons of \nWordCamp&nbsp;CITYNAMEHERE venues.<\/p>\n\n\n\n<p>Anyone asked to stop unacceptable behavior is expected to comply immediately.<\/p>\n\n\n\n<p>If a participant engages in unacceptable behavior, the conference \norganizers may take any action they deem appropriate, up to and \nincluding expulsion from the conference without warning or refund.<\/p>\n\n\n\n<p><strong>6. What To Do If You Witness Or Are Subject To Unacceptable Behavior<\/strong><\/p>\n\n\n\n<p>If you are subject to unacceptable behavior, notice that someone else\n is being subject to unacceptable behavior, or have any other concerns, \nplease notify a conference organizer as soon as possible.<\/p>\n\n\n\n<p>The WordCamp&nbsp;CITYNAMEHERE team will be available to help participants\n contact venue security or local law enforcement, to provide escorts, or\n to otherwise assist those experiencing unacceptable behavior to feel \nsafe for the duration of the conference. Volunteers will be wearing \nXXXXXXXXXXXXXXXXXXXXXXXX. Any volunteer can connect you with a \nconference organizer. You can also come to the special registration desk\n in the lobby and ask for the organizers.<\/p>\n\n\n\n<p><strong>7. Scope<\/strong><\/p>\n\n\n\n<p>We expect all conference participants (sponsors, volunteers, \nspeakers, attendees, and other guests) to abide by this code of conduct \nat all conference venues and conference-related social events.<\/p>\n\n\n\n<p><strong>8. Contact Information<\/strong><\/p>\n\n\n\n<p>Contact info here! Make sure this includes a way to access the organizers during the event.<\/p>\n\n\n\n<p><strong>9. License And Attribution<\/strong><\/p>\n\n\n\n<p>This Code of Conduct is a direct swipe from the awesome work of Open \nSource Bridge, but with our event information substituted. The original \nis available at <a href=\"http:\/\/opensourcebridge.org\/about\/code-of-conduct\/\">http:\/\/opensourcebridge.org\/about\/code-of-conduct\/<\/a> and is released under a <a href=\"http:\/\/creativecommons.org\/licenses\/by-sa\/3.0\/\">Creative Commons Attribution-ShareAlike<\/a> license.<\/p>\n","protected":false},"excerpt":{"rendered":"<p>(English below) 1. Prop\u00f3sito WordCamp Sevilla cree en una comunidad abierta a todo el mundo. Como tal, estamos comprometidos a proporcionar un ambiente amigable, seguro y acogedor para todos independientemente de su sexo, orientaci\u00f3n sexual, discapacidad, etnia, religi\u00f3n, sistema operativo preferido, lenguaje de programaci\u00f3n o editor de texto. Este c\u00f3digo de conducta resume nuestras expectativas &hellip; <\/p>\n<p class=\"link-more\"><a href=\"https:\/\/sevilla.wordcamp.org\/2019-developers\/informacion\/codigo-de-conducta\/\" class=\"more-link\">Continuar leyendo<span class=\"screen-reader-text\"> \u00abC\u00f3digo de conducta\u00bb<\/span><\/a><\/p>\n","protected":false},"author":14942197,"featured_media":0,"parent":191,"menu_order":0,"comment_status":"closed","ping_status":"closed","template":"","meta":{"jetpack_post_was_ever_published":false,"footnotes":""},"class_list":["post-19","page","type-page","status-publish","hentry"],"jetpack_sharing_enabled":true,"jetpack_shortlink":"https:\/\/wp.me\/PapmcC-j","_links":{"self":[{"href":"https:\/\/sevilla.wordcamp.org\/2019-developers\/wp-json\/wp\/v2\/pages\/19","targetHints":{"allow":["GET"]}}],"collection":[{"href":"https:\/\/sevilla.wordcamp.org\/2019-developers\/wp-json\/wp\/v2\/pages"}],"about":[{"href":"https:\/\/sevilla.wordcamp.org\/2019-developers\/wp-json\/wp\/v2\/types\/page"}],"author":[{"embeddable":true,"href":"https:\/\/sevilla.wordcamp.org\/2019-developers\/wp-json\/wp\/v2\/users\/14942197"}],"replies":[{"embeddable":true,"href":"https:\/\/sevilla.wordcamp.org\/2019-developers\/wp-json\/wp\/v2\/comments?post=19"}],"version-history":[{"count":7,"href":"https:\/\/sevilla.wordcamp.org\/2019-developers\/wp-json\/wp\/v2\/pages\/19\/revisions"}],"predecessor-version":[{"id":2040,"href":"https:\/\/sevilla.wordcamp.org\/2019-developers\/wp-json\/wp\/v2\/pages\/19\/revisions\/2040"}],"up":[{"embeddable":true,"href":"https:\/\/sevilla.wordcamp.org\/2019-developers\/wp-json\/wp\/v2\/pages\/191"}],"wp:attachment":[{"href":"https:\/\/sevilla.wordcamp.org\/2019-developers\/wp-json\/wp\/v2\/media?parent=19"}],"curies":[{"name":"wp","href":"https:\/\/api.w.org\/{rel}","templated":true}]}}