{"id":528,"date":"2020-11-25T19:04:23","date_gmt":"2020-11-25T18:04:23","guid":{"rendered":"https:\/\/sevilla.wordcamp.org\/2020\/?page_id=528"},"modified":"2020-12-20T19:37:34","modified_gmt":"2020-12-20T18:37:34","slug":"sobre-wcsevilla2020","status":"publish","type":"page","link":"https:\/\/sevilla.wordcamp.org\/2020\/sobre-wcsevilla2020\/","title":{"rendered":"Descubre WordCamp Sevilla 2020"},"content":{"rendered":"\n<p>\u00a1Te damos la bienvenida a la WordCamp Sevilla 2020!<\/p>\n\n\n\n<p>Una WordCamp es un evento de la comunidad WordPress en el nos reunimos para aprender, colaborar y aprender, con un <a href=\"https:\/\/sevilla.wordcamp.org\/2020\/codigo-de-conducta\/\" data-type=\"page\" data-id=\"532\">c\u00f3digo de conducta<\/a> que garantiza que nadie pueda ser discriminado por razones de sexo, orientaci\u00f3n sexual, discapacidad, etnia o religi\u00f3n.<\/p>\n\n\n\n<p>No quer\u00edamos que un a\u00f1o tan complicado como ha sido 2020 terminara el a\u00f1o sin una \u00faltima reuni\u00f3n de la comunidad, sin una \u00faltima fiesta, as\u00ed que \u00a1all\u00e1 vamos otra vez!<\/p>\n\n\n\n<h2 class=\"wp-block-heading\">Una WordCamp como ninguna<\/h2>\n\n\n\n<p>Debido a la pandemia del COVID-19 se han han cancelado todas las WordCamps desde marzo de 2020 y, a fecha de hoy (diciembre de 2020) todav\u00eda no sabemos cu\u00e1ndo van a volver a poder celebrarse WordCamps presenciales.<\/p>\n\n\n\n<p>Durante este tiempo, se han celebrado muuuuuuchas WordCamps online (Spain, Europe, ) y de lo que hemos aprendido de ellas, nace esta WordCamp Sevilla 2020:<\/p>\n\n\n\n<h2 class=\"wp-block-heading\">Cuatro d\u00edas, horario de tarde<\/h2>\n\n\n\n<p>La WordCamp se va a celebrar los d\u00edas 26, 27, 28 y 29 de Diciembre, con sesiones de 17 a 20 horas (CET), para que tambi\u00e9n puedan asistir nuestros amigos de las comunidades de WordPress de latinoam\u00e9rica.<\/p>\n\n\n\n<h2 class=\"wp-block-heading\">Un solo track<\/h2>\n\n\n\n<p>En las WordCamps con varios tracks, siempre tienes la sensaci\u00f3n de que est\u00e1s perdiendo algo. Eso no va a pasar en WordCamp Sevilla. Cada d\u00eda todos los asistentes van a estar en una sala de Zoom, con la posibilidad de abrir salas privadas cuando sea necesario<\/p>\n\n\n\n<h2 class=\"wp-block-heading\">Sin charlas, solo contributor<\/h2>\n\n\n\n<p>Echamos de menos poder asistir a charlas presenciales, pero todav\u00eda m\u00e1s el contacto con la gente. Las WordCamp Sevilla 2020 va a ser una WordCamp de comunidad, un enorme contributor day en el que reunir a toda la comunidad hispanohablante de WordPress, divulgar el trabajo de cada equipo y planificar el 2021.<\/p>\n\n\n\n<p>Por si no has estado nunca en un contributor day, <a href=\"https:\/\/sevilla.wordcamp.org\/2020\/que-es-un-contributor-day\/\" data-type=\"post\" data-id=\"1357\">te lo explicamos en este art\u00edculo<\/a>.<\/p>\n\n\n\n<p>Ya solo faltas t\u00fa, <a href=\"https:\/\/sevilla.wordcamp.org\/2020\/entradas\/\" data-type=\"page\" data-id=\"13\">consigue tu entrada gratuita<\/a> y te esperamos del 26 al 29 de Diciembre<\/p>\n","protected":false},"excerpt":{"rendered":"<p>\u00a1Te damos la bienvenida a la WordCamp Sevilla 2020! Una WordCamp es un evento de la comunidad WordPress en el nos reunimos para aprender, colaborar y aprender, con un c\u00f3digo de conducta que garantiza que nadie pueda ser discriminado por razones de sexo, orientaci\u00f3n sexual, discapacidad, etnia o religi\u00f3n. No quer\u00edamos que un a\u00f1o tan &hellip; <a href=\"https:\/\/sevilla.wordcamp.org\/2020\/sobre-wcsevilla2020\/\" class=\"more-link\">Sigue leyendo<span class=\"screen-reader-text\"> \u00abDescubre WordCamp Sevilla 2020\u00bb<\/span><\/a><\/p>\n","protected":false},"author":13994457,"featured_media":0,"parent":0,"menu_order":0,"comment_status":"closed","ping_status":"closed","template":"","meta":{"jetpack_post_was_ever_published":false,"footnotes":""},"class_list":["post-528","page","type-page","status-publish","hentry"],"jetpack_sharing_enabled":true,"_links":{"self":[{"href":"https:\/\/sevilla.wordcamp.org\/2020\/wp-json\/wp\/v2\/pages\/528","targetHints":{"allow":["GET"]}}],"collection":[{"href":"https:\/\/sevilla.wordcamp.org\/2020\/wp-json\/wp\/v2\/pages"}],"about":[{"href":"https:\/\/sevilla.wordcamp.org\/2020\/wp-json\/wp\/v2\/types\/page"}],"author":[{"embeddable":true,"href":"https:\/\/sevilla.wordcamp.org\/2020\/wp-json\/wp\/v2\/users\/13994457"}],"replies":[{"embeddable":true,"href":"https:\/\/sevilla.wordcamp.org\/2020\/wp-json\/wp\/v2\/comments?post=528"}],"version-history":[{"count":2,"href":"https:\/\/sevilla.wordcamp.org\/2020\/wp-json\/wp\/v2\/pages\/528\/revisions"}],"predecessor-version":[{"id":1430,"href":"https:\/\/sevilla.wordcamp.org\/2020\/wp-json\/wp\/v2\/pages\/528\/revisions\/1430"}],"wp:attachment":[{"href":"https:\/\/sevilla.wordcamp.org\/2020\/wp-json\/wp\/v2\/media?parent=528"}],"curies":[{"name":"wp","href":"https:\/\/api.w.org\/{rel}","templated":true}]}}