{"id":319,"date":"2023-06-17T09:06:23","date_gmt":"2023-06-17T07:06:23","guid":{"rendered":"https:\/\/sevilla.wordcamp.org\/2023\/?post_type=wcb_organizer&#038;p=319"},"modified":"2023-06-17T13:03:25","modified_gmt":"2023-06-17T11:03:25","slug":"mariano-perez-caro","status":"publish","type":"wcb_organizer","link":"https:\/\/sevilla.wordcamp.org\/2023\/organizer\/mariano-perez-caro\/","title":{"rendered":"Mariano P\u00e9rez Caro"},"content":{"rendered":"\n<p class=\"wp-block-paragraph\">Soy Mariano P\u00e9rez Caro, ingeniero inform\u00e1tico.<\/p>\n\n\n\n<p class=\"wp-block-paragraph\">Perfil t\u00e9cnico orientado a la administraci\u00f3n de sistemas y al desarrollo web. Con WordPress pero tambi\u00e9n con Hugo y con lo que haga falta. Tengo un peque\u00f1a empresa desde la que nos encargamos de gestionar la inform\u00e1tica de nuestros clientes.<\/p>\n\n\n\n<p class=\"wp-block-paragraph\">Coordino la comunidad de WordPress Sevilla, coorganizo WordCamp Sevilla y soy Deputy (responsable) de la comunidad mundial de WordPress. Tambi\u00e9n soy miembro de SVQTech, que aglutina todas las comunidades tecnol\u00f3gicas de Sevilla.<\/p>\n\n\n\n<p class=\"wp-block-paragraph\">Apasionado del Software Libre y linuxero. Me encanta leer y la cultura. Tengo un podcasts sobre WordPress llamado PotenciaPro. Soy mentor en la aceleradora de empresas Espacio Res y profesor en OpenWebinars.<\/p>\n","protected":false},"excerpt":{"rendered":"<p>Soy Mariano P\u00e9rez Caro, ingeniero inform\u00e1tico. Perfil t\u00e9cnico orientado a la administraci\u00f3n de sistemas y al desarrollo web. Con WordPress pero tambi\u00e9n con Hugo y con lo que haga falta. Tengo un peque\u00f1a empresa desde la que nos encargamos de gestionar la inform\u00e1tica de nuestros clientes. Coordino la comunidad de WordPress Sevilla, coorganizo WordCamp Sevilla [&hellip;]<\/p>\n","protected":false},"featured_media":0,"template":"","meta":{"_crdt_document":"","jetpack_post_was_ever_published":false,"_wcpt_user_name":"mpcdigital","footnotes":""},"organizer_team":[23,22],"class_list":["post-319","wcb_organizer","type-wcb_organizer","status-publish","hentry","wcb_organizer_team-wordcamp-sevilla-2023","wcb_organizer_team-wordpress-day-2-de-julio"],"jetpack_sharing_enabled":true,"jetpack_shortlink":"https:\/\/wp.me\/peA5rh-59","avatar_urls":{"24":"https:\/\/secure.gravatar.com\/avatar\/3089ff1456a3ba047f6b20713c8828dc7cec818fb0775415d83da1249ee047d2?s=24&d=mm&r=g","48":"https:\/\/secure.gravatar.com\/avatar\/3089ff1456a3ba047f6b20713c8828dc7cec818fb0775415d83da1249ee047d2?s=48&d=mm&r=g","96":"https:\/\/secure.gravatar.com\/avatar\/3089ff1456a3ba047f6b20713c8828dc7cec818fb0775415d83da1249ee047d2?s=96&d=mm&r=g","128":"https:\/\/secure.gravatar.com\/avatar\/3089ff1456a3ba047f6b20713c8828dc7cec818fb0775415d83da1249ee047d2?s=128&d=mm&r=g","256":"https:\/\/secure.gravatar.com\/avatar\/3089ff1456a3ba047f6b20713c8828dc7cec818fb0775415d83da1249ee047d2?s=256&d=mm&r=g","512":"https:\/\/secure.gravatar.com\/avatar\/3089ff1456a3ba047f6b20713c8828dc7cec818fb0775415d83da1249ee047d2?s=512&d=mm&r=g"},"_links":{"self":[{"href":"https:\/\/sevilla.wordcamp.org\/2023\/wp-json\/wp\/v2\/organizers\/319","targetHints":{"allow":["GET"]}}],"collection":[{"href":"https:\/\/sevilla.wordcamp.org\/2023\/wp-json\/wp\/v2\/organizers"}],"about":[{"href":"https:\/\/sevilla.wordcamp.org\/2023\/wp-json\/wp\/v2\/types\/wcb_organizer"}],"version-history":[{"count":2,"href":"https:\/\/sevilla.wordcamp.org\/2023\/wp-json\/wp\/v2\/organizers\/319\/revisions"}],"predecessor-version":[{"id":428,"href":"https:\/\/sevilla.wordcamp.org\/2023\/wp-json\/wp\/v2\/organizers\/319\/revisions\/428"}],"wp:attachment":[{"href":"https:\/\/sevilla.wordcamp.org\/2023\/wp-json\/wp\/v2\/media?parent=319"}],"wp:term":[{"taxonomy":"wcb_organizer_team","embeddable":true,"href":"https:\/\/sevilla.wordcamp.org\/2023\/wp-json\/wp\/v2\/organizer_team?post=319"}],"curies":[{"name":"wp","href":"https:\/\/api.w.org\/{rel}","templated":true}]}}

Mariano Pérez Caro

<p class="wp-block-paragraph">Soy Mariano Pérez Caro, ingeniero informático.</p>



<p class="wp-block-paragraph">Perfil técnico orientado a la administración de sistemas y al desarrollo web. Con WordPress pero también con Hugo y con lo que haga falta. Tengo un pequeña empresa desde la que nos encargamos de gestionar la informática de nuestros clientes.</p>



<p class="wp-block-paragraph">Coordino la comunidad de WordPress Sevilla, coorganizo WordCamp Sevilla y soy Deputy (responsable) de la comunidad mundial de WordPress. También soy miembro de SVQTech, que aglutina todas las comunidades tecnológicas de Sevilla.</p>



<p class="wp-block-paragraph">Apasionado del Software Libre y linuxero. Me encanta leer y la cultura. Tengo un podcasts sobre WordPress llamado PotenciaPro. Soy mentor en la aceleradora de empresas Espacio Res y profesor en OpenWebinars.</p>

<p>Soy Mariano Pérez Caro, ingeniero informático. Perfil técnico orientado a la administración de sistemas y al desarrollo web. Con WordPress pero también con Hugo y con lo que haga falta. Tengo un pequeña empresa desde la que nos encargamos de gestionar la informática de nuestros clientes. Coordino la comunidad de WordPress Sevilla, coorganizo WordCamp Sevilla [&hellip;]</p>
