{"id":207,"date":"2023-06-11T20:50:09","date_gmt":"2023-06-11T18:50:09","guid":{"rendered":"https:\/\/sevilla.wordcamp.org\/2023\/?page_id=207"},"modified":"2023-08-16T11:46:57","modified_gmt":"2023-08-16T09:46:57","slug":"julio","status":"publish","type":"page","link":"https:\/\/sevilla.wordcamp.org\/2023\/julio\/","title":{"rendered":"WordCamp Sevilla 2023 &#8211; 2 de Julio"},"content":{"rendered":"\n<p class=\"has-tertiary-background-color has-background\">Este a\u00f1o, en la comunidad de WordPress Sevilla vamos a realizar <strong>dos eventos<\/strong>. En octubre mantenemos la WordCamp Sevilla 2023 (en las pr\u00f3ximas semanas empezaremos a publicar informaci\u00f3n sobre ella). Pero el <strong>2 de julio<\/strong> tenemos un evento adicional, el WordPress Day.<\/p>\n\n\n\n<div style=\"height:50px\" aria-hidden=\"true\" class=\"wp-block-spacer\"><\/div>\n\n\n\n<h2 class=\"wp-block-heading\">\u00bfQu\u00e9 es el WordPress Day?<\/h2>\n\n\n\n<p><strong>Las WordCamp son maravillosas<\/strong>, pero llevan meses de planificaci\u00f3n, requieren un gran equipo humano y pueden resultar un poco intimidantes para qui\u00e9n llega por primera vez a la Comunidad de WordPress<\/p>\n\n\n\n<p>El WordPress Day es un evento de un d\u00eda, pensado para ser m\u00e1s sencillo, m\u00e1s peque\u00f1o, m\u00e1s cercano. Est\u00e1 englobado dentro de lo que la Comunidad WordPress ha bautizado como \u00abEventos de nueva generaci\u00f3n\u00bb.<\/p>\n\n\n\n<p>En esta ocasi\u00f3n est\u00e1 estructurado como un Contributor Day, con <a href=\"https:\/\/sevilla.wordcamp.org\/2023\/julio\/programa\/\" data-type=\"page\" data-id=\"7\">el mismo programa<\/a> que te puedes encontrar en el d\u00eda de comunidad de cualquier WordCamp tradicional.<\/p>\n\n\n\n<p>El evento <a href=\"https:\/\/sevilla.wordcamp.org\/2023\/julio\/ubicacion\/\" data-type=\"page\" data-id=\"11\">lo vamos a realizar en Espacio _RES<\/a>, una aceleradora de empresas y coworking situado en el barrio de Los Remedios de Sevilla. Tendremos caf\u00e9, comida y merienda gracias a <a href=\"https:\/\/sevilla.wordcamp.org\/2023\/sponsor\/comvive\/\" data-type=\"wcb_sponsor\" data-id=\"364\">Comvive<\/a>, nuestro patrocinador principal, y alguna sorpresita m\u00e1s gracias al apoyo de los patrocinadores globales.<\/p>\n\n\n\n<p><a href=\"https:\/\/sevilla.wordcamp.org\/2023\/entradas\/\" data-type=\"page\" data-id=\"13\">Las entradas ya est\u00e1n disponibles<\/a>, tienen un precio simb\u00f3lico de 3\u20ac para garantizar la asistencia. <\/p>\n\n\n\n<div style=\"height:30px\" aria-hidden=\"true\" class=\"wp-block-spacer\"><\/div>\n\n\n\n<div class=\"wp-block-buttons is-content-justification-center is-layout-flex wp-container-core-buttons-is-layout-a89b3969 wp-block-buttons-is-layout-flex\">\n<div class=\"wp-block-button\"><a class=\"wp-block-button__link has-base-color has-primary-background-color has-text-color has-background wp-element-button\" href=\"https:\/\/sevilla.wordcamp.org\/2023\/entradas\/\">Comprar entradas<\/a><\/div>\n<\/div>\n\n\n\n<div style=\"height:100px\" aria-hidden=\"true\" class=\"wp-block-spacer\"><\/div>\n","protected":false},"excerpt":{"rendered":"<p>Este a\u00f1o, en la comunidad de WordPress Sevilla vamos a realizar dos eventos. En octubre mantenemos la WordCamp Sevilla 2023 (en las pr\u00f3ximas semanas empezaremos a publicar informaci\u00f3n sobre ella). Pero el 2 de julio tenemos un evento adicional, el WordPress Day. \u00bfQu\u00e9 es el WordPress Day? Las WordCamp son maravillosas, pero llevan meses de [&hellip;]<\/p>\n","protected":false},"author":13994457,"featured_media":0,"parent":0,"menu_order":0,"comment_status":"closed","ping_status":"closed","template":"pagina-octubre","meta":{"jetpack_post_was_ever_published":false,"footnotes":""},"class_list":["post-207","page","type-page","status-publish","hentry"],"jetpack_sharing_enabled":true,"jetpack_shortlink":"https:\/\/wp.me\/PeA5rh-3l","_links":{"self":[{"href":"https:\/\/sevilla.wordcamp.org\/2023\/wp-json\/wp\/v2\/pages\/207","targetHints":{"allow":["GET"]}}],"collection":[{"href":"https:\/\/sevilla.wordcamp.org\/2023\/wp-json\/wp\/v2\/pages"}],"about":[{"href":"https:\/\/sevilla.wordcamp.org\/2023\/wp-json\/wp\/v2\/types\/page"}],"author":[{"embeddable":true,"href":"https:\/\/sevilla.wordcamp.org\/2023\/wp-json\/wp\/v2\/users\/13994457"}],"replies":[{"embeddable":true,"href":"https:\/\/sevilla.wordcamp.org\/2023\/wp-json\/wp\/v2\/comments?post=207"}],"version-history":[{"count":16,"href":"https:\/\/sevilla.wordcamp.org\/2023\/wp-json\/wp\/v2\/pages\/207\/revisions"}],"predecessor-version":[{"id":657,"href":"https:\/\/sevilla.wordcamp.org\/2023\/wp-json\/wp\/v2\/pages\/207\/revisions\/657"}],"wp:attachment":[{"href":"https:\/\/sevilla.wordcamp.org\/2023\/wp-json\/wp\/v2\/media?parent=207"}],"curies":[{"name":"wp","href":"https:\/\/api.w.org\/{rel}","templated":true}]}}