{"id":10,"date":"2024-03-21T20:21:39","date_gmt":"2024-03-21T19:21:39","guid":{"rendered":"https:\/\/sevilla.wordcamp.org\/2024\/sponsors\/"},"modified":"2024-09-26T11:06:57","modified_gmt":"2024-09-26T09:06:57","slug":"patrocinadores","status":"publish","type":"page","link":"https:\/\/sevilla.wordcamp.org\/2024\/patrocinadores\/","title":{"rendered":"Patrocinadores"},"content":{"rendered":"\n<p>Much\u00edsimas gracias por el apoyo a nuestros patrocinadores.<\/p>\n\n\n\n<div class=\"wp-block-query is-layout-flow wp-block-query-is-layout-flow\"><ul class=\"columns-3 wp-block-post-template is-layout-grid wp-container-core-post-template-is-layout-6d3fbd8f wp-block-post-template-is-layout-grid\"><li class=\"wp-block-post post-1182 wcb_sponsor type-wcb_sponsor status-publish has-post-thumbnail hentry wcb_sponsor_level-plata\">\n<figure style=\"aspect-ratio:16\/9;\" class=\"wp-block-post-featured-image\"><a href=\"https:\/\/sevilla.wordcamp.org\/2024\/sponsor\/arsys\/\" target=\"_self\"  ><img loading=\"lazy\" decoding=\"async\" width=\"650\" height=\"260\" src=\"https:\/\/sevilla.wordcamp.org\/2024\/files\/2024\/10\/logo-arsys.png\" class=\"attachment-post-thumbnail size-post-thumbnail wp-post-image\" alt=\"Arsys\" style=\"width:100%;height:100%;object-fit:contain;\" srcset=\"https:\/\/sevilla.wordcamp.org\/2024\/files\/2024\/10\/logo-arsys.png 650w, https:\/\/sevilla.wordcamp.org\/2024\/files\/2024\/10\/logo-arsys-300x120.png 300w, https:\/\/sevilla.wordcamp.org\/2024\/files\/2024\/10\/logo-arsys-500x200.png 500w\" sizes=\"auto, (max-width: 650px) 100vw, 650px\" \/><\/a><\/figure>\n<\/li><li class=\"wp-block-post post-26 wcb_sponsor type-wcb_sponsor status-publish has-post-thumbnail hentry wcb_sponsor_level-oro\">\n<figure style=\"aspect-ratio:16\/9;\" class=\"wp-block-post-featured-image\"><a href=\"https:\/\/sevilla.wordcamp.org\/2024\/sponsor\/bluehost\/\" target=\"_self\"  ><img loading=\"lazy\" decoding=\"async\" width=\"650\" height=\"260\" src=\"https:\/\/sevilla.wordcamp.org\/2024\/files\/2024\/03\/logo-bluehost-new.png\" class=\"attachment-post-thumbnail size-post-thumbnail wp-post-image\" alt=\"Bluehost\" style=\"width:100%;height:100%;object-fit:contain;\" srcset=\"https:\/\/sevilla.wordcamp.org\/2024\/files\/2024\/03\/logo-bluehost-new.png 650w, https:\/\/sevilla.wordcamp.org\/2024\/files\/2024\/03\/logo-bluehost-new-300x120.png 300w, https:\/\/sevilla.wordcamp.org\/2024\/files\/2024\/03\/logo-bluehost-new-500x200.png 500w\" sizes=\"auto, (max-width: 650px) 100vw, 650px\" \/><\/a><\/figure>\n<\/li><li class=\"wp-block-post post-1233 wcb_sponsor type-wcb_sponsor status-publish has-post-thumbnail hentry wcb_sponsor_level-oro\">\n<figure style=\"aspect-ratio:16\/9;\" class=\"wp-block-post-featured-image\"><a href=\"https:\/\/sevilla.wordcamp.org\/2024\/sponsor\/comvive\/\" target=\"_self\"  ><img loading=\"lazy\" decoding=\"async\" width=\"650\" height=\"260\" src=\"https:\/\/sevilla.wordcamp.org\/2024\/files\/2024\/10\/logo-comvive.png\" class=\"attachment-post-thumbnail size-post-thumbnail wp-post-image\" alt=\"Comvive\" style=\"width:100%;height:100%;object-fit:contain;\" srcset=\"https:\/\/sevilla.wordcamp.org\/2024\/files\/2024\/10\/logo-comvive.png 650w, https:\/\/sevilla.wordcamp.org\/2024\/files\/2024\/10\/logo-comvive-300x120.png 300w, https:\/\/sevilla.wordcamp.org\/2024\/files\/2024\/10\/logo-comvive-500x200.png 500w\" sizes=\"auto, (max-width: 650px) 100vw, 650px\" \/><\/a><\/figure>\n<\/li><li class=\"wp-block-post post-1175 wcb_sponsor type-wcb_sponsor status-publish has-post-thumbnail hentry wcb_sponsor_level-oro\">\n<figure style=\"aspect-ratio:16\/9;\" class=\"wp-block-post-featured-image\"><a href=\"https:\/\/sevilla.wordcamp.org\/2024\/sponsor\/dinahosting\/\" target=\"_self\"  ><img loading=\"lazy\" decoding=\"async\" width=\"1300\" height=\"520\" src=\"https:\/\/sevilla.wordcamp.org\/2024\/files\/2024\/10\/logo-dinahosting.png\" class=\"attachment-post-thumbnail size-post-thumbnail wp-post-image\" alt=\"Dinahosting\" style=\"width:100%;height:100%;object-fit:contain;\" srcset=\"https:\/\/sevilla.wordcamp.org\/2024\/files\/2024\/10\/logo-dinahosting.png 1300w, https:\/\/sevilla.wordcamp.org\/2024\/files\/2024\/10\/logo-dinahosting-300x120.png 300w, https:\/\/sevilla.wordcamp.org\/2024\/files\/2024\/10\/logo-dinahosting-1024x410.png 1024w, https:\/\/sevilla.wordcamp.org\/2024\/files\/2024\/10\/logo-dinahosting-768x307.png 768w, https:\/\/sevilla.wordcamp.org\/2024\/files\/2024\/10\/logo-dinahosting-500x200.png 500w\" sizes=\"auto, (max-width: 1300px) 100vw, 1300px\" \/><\/a><\/figure>\n<\/li><li class=\"wp-block-post post-24 wcb_sponsor type-wcb_sponsor status-publish has-post-thumbnail hentry wcb_sponsor_level-oro\">\n<figure style=\"aspect-ratio:16\/9;\" class=\"wp-block-post-featured-image\"><a href=\"https:\/\/sevilla.wordcamp.org\/2024\/sponsor\/godaddy\/\" target=\"_self\"  ><img loading=\"lazy\" decoding=\"async\" width=\"650\" height=\"260\" src=\"https:\/\/sevilla.wordcamp.org\/2024\/files\/2024\/03\/logo-godaddy.png\" class=\"attachment-post-thumbnail size-post-thumbnail wp-post-image\" alt=\"GoDaddy\" style=\"width:100%;height:100%;object-fit:contain;\" srcset=\"https:\/\/sevilla.wordcamp.org\/2024\/files\/2024\/03\/logo-godaddy.png 650w, https:\/\/sevilla.wordcamp.org\/2024\/files\/2024\/03\/logo-godaddy-300x120.png 300w, https:\/\/sevilla.wordcamp.org\/2024\/files\/2024\/03\/logo-godaddy-500x200.png 500w\" sizes=\"auto, (max-width: 650px) 100vw, 650px\" \/><\/a><\/figure>\n<\/li><li class=\"wp-block-post post-1184 wcb_sponsor type-wcb_sponsor status-publish has-post-thumbnail hentry wcb_sponsor_level-oro\">\n<figure style=\"aspect-ratio:16\/9;\" class=\"wp-block-post-featured-image\"><a href=\"https:\/\/sevilla.wordcamp.org\/2024\/sponsor\/piensa-solutions\/\" target=\"_self\"  ><img loading=\"lazy\" decoding=\"async\" width=\"650\" height=\"260\" src=\"https:\/\/sevilla.wordcamp.org\/2024\/files\/2024\/10\/logo-piensa-new.png\" class=\"attachment-post-thumbnail size-post-thumbnail wp-post-image\" alt=\"Piensa Solutions\" style=\"width:100%;height:100%;object-fit:contain;\" srcset=\"https:\/\/sevilla.wordcamp.org\/2024\/files\/2024\/10\/logo-piensa-new.png 650w, https:\/\/sevilla.wordcamp.org\/2024\/files\/2024\/10\/logo-piensa-new-300x120.png 300w, https:\/\/sevilla.wordcamp.org\/2024\/files\/2024\/10\/logo-piensa-new-500x200.png 500w\" sizes=\"auto, (max-width: 650px) 100vw, 650px\" \/><\/a><\/figure>\n<\/li><li class=\"wp-block-post post-28 wcb_sponsor type-wcb_sponsor status-publish has-post-thumbnail hentry wcb_sponsor_level-oro\">\n<figure style=\"aspect-ratio:16\/9;\" class=\"wp-block-post-featured-image\"><a href=\"https:\/\/sevilla.wordcamp.org\/2024\/sponsor\/woo\/\" target=\"_self\"  ><img loading=\"lazy\" decoding=\"async\" width=\"650\" height=\"260\" src=\"https:\/\/sevilla.wordcamp.org\/2024\/files\/2024\/03\/logo-woocommerce-nuevo.png\" class=\"attachment-post-thumbnail size-post-thumbnail wp-post-image\" alt=\"Woo\" style=\"width:100%;height:100%;object-fit:contain;\" srcset=\"https:\/\/sevilla.wordcamp.org\/2024\/files\/2024\/03\/logo-woocommerce-nuevo.png 650w, https:\/\/sevilla.wordcamp.org\/2024\/files\/2024\/03\/logo-woocommerce-nuevo-300x120.png 300w, https:\/\/sevilla.wordcamp.org\/2024\/files\/2024\/03\/logo-woocommerce-nuevo-500x200.png 500w\" sizes=\"auto, (max-width: 650px) 100vw, 650px\" \/><\/a><\/figure>\n<\/li><li class=\"wp-block-post post-22 wcb_sponsor type-wcb_sponsor status-publish has-post-thumbnail hentry wcb_sponsor_level-oro\">\n<figure style=\"aspect-ratio:16\/9;\" class=\"wp-block-post-featured-image\"><a href=\"https:\/\/sevilla.wordcamp.org\/2024\/sponsor\/wordpress-com\/\" target=\"_self\"  ><img loading=\"lazy\" decoding=\"async\" width=\"650\" height=\"260\" src=\"https:\/\/sevilla.wordcamp.org\/2024\/files\/2024\/03\/logo-wordpresscom.png\" class=\"attachment-post-thumbnail size-post-thumbnail wp-post-image\" alt=\"WordPress.com\" style=\"width:100%;height:100%;object-fit:contain;\" srcset=\"https:\/\/sevilla.wordcamp.org\/2024\/files\/2024\/03\/logo-wordpresscom.png 650w, https:\/\/sevilla.wordcamp.org\/2024\/files\/2024\/03\/logo-wordpresscom-300x120.png 300w, https:\/\/sevilla.wordcamp.org\/2024\/files\/2024\/03\/logo-wordpresscom-500x200.png 500w\" sizes=\"auto, (max-width: 650px) 100vw, 650px\" \/><\/a><\/figure>\n<\/li><li class=\"wp-block-post post-21 wcb_sponsor type-wcb_sponsor status-publish has-post-thumbnail hentry wcb_sponsor_level-oro\">\n<figure style=\"aspect-ratio:16\/9;\" class=\"wp-block-post-featured-image\"><a href=\"https:\/\/sevilla.wordcamp.org\/2024\/sponsor\/wpbeginner\/\" target=\"_self\"  ><img loading=\"lazy\" decoding=\"async\" width=\"650\" height=\"260\" src=\"https:\/\/sevilla.wordcamp.org\/2024\/files\/2024\/03\/logo-wpbeginner-new.png\" class=\"attachment-post-thumbnail size-post-thumbnail wp-post-image\" alt=\"WPBeginner\" style=\"width:100%;height:100%;object-fit:contain;\" srcset=\"https:\/\/sevilla.wordcamp.org\/2024\/files\/2024\/03\/logo-wpbeginner-new.png 650w, https:\/\/sevilla.wordcamp.org\/2024\/files\/2024\/03\/logo-wpbeginner-new-300x120.png 300w, https:\/\/sevilla.wordcamp.org\/2024\/files\/2024\/03\/logo-wpbeginner-new-500x200.png 500w\" sizes=\"auto, (max-width: 650px) 100vw, 650px\" \/><\/a><\/figure>\n<\/li><\/ul><\/div>\n\n\n\n<h2 class=\"wp-block-heading\">\u00bfInteresado en patrocinar WordCamp este a\u00f1o?<\/h2>\n\n\n\n<p>Entra en la <a href=\"https:\/\/sevilla.wordcamp.org\/2024\/hazte-patrocinador\/\">llamada a patrocinadores<\/a> para obtener detalles sobre c\u00f3mo puede ayudar a que la WordCamp de este a\u00f1o sea lo mejor posible.<\/p>\n\n\n\n<p><\/p>\n","protected":false},"excerpt":{"rendered":"<p>Much\u00edsimas gracias por el apoyo a nuestros patrocinadores. \u00bfInteresado en patrocinar WordCamp este a\u00f1o? Entra en la llamada a patrocinadores para obtener detalles sobre c\u00f3mo puede ayudar a que la WordCamp de este a\u00f1o sea lo mejor posible.<\/p>\n","protected":false},"author":18231134,"featured_media":0,"parent":0,"menu_order":0,"comment_status":"closed","ping_status":"closed","template":"","meta":{"jetpack_post_was_ever_published":false,"footnotes":""},"class_list":["post-10","page","type-page","status-publish","hentry"],"jetpack_sharing_enabled":true,"_links":{"self":[{"href":"https:\/\/sevilla.wordcamp.org\/2024\/wp-json\/wp\/v2\/pages\/10","targetHints":{"allow":["GET"]}}],"collection":[{"href":"https:\/\/sevilla.wordcamp.org\/2024\/wp-json\/wp\/v2\/pages"}],"about":[{"href":"https:\/\/sevilla.wordcamp.org\/2024\/wp-json\/wp\/v2\/types\/page"}],"author":[{"embeddable":true,"href":"https:\/\/sevilla.wordcamp.org\/2024\/wp-json\/wp\/v2\/users\/18231134"}],"replies":[{"embeddable":true,"href":"https:\/\/sevilla.wordcamp.org\/2024\/wp-json\/wp\/v2\/comments?post=10"}],"version-history":[{"count":3,"href":"https:\/\/sevilla.wordcamp.org\/2024\/wp-json\/wp\/v2\/pages\/10\/revisions"}],"predecessor-version":[{"id":986,"href":"https:\/\/sevilla.wordcamp.org\/2024\/wp-json\/wp\/v2\/pages\/10\/revisions\/986"}],"wp:attachment":[{"href":"https:\/\/sevilla.wordcamp.org\/2024\/wp-json\/wp\/v2\/media?parent=10"}],"curies":[{"name":"wp","href":"https:\/\/api.w.org\/{rel}","templated":true}]}}